{"id":8626,"date":"2016-01-02T15:07:20","date_gmt":"2016-01-02T14:07:20","guid":{"rendered":"http:\/\/www.cykloklubpodbiel.sk\/?page_id=8626"},"modified":"2024-05-22T18:38:49","modified_gmt":"2024-05-22T17:38:49","slug":"2016-2","status":"publish","type":"page","link":"https:\/\/www.cykloklubpodbiel.sk\/?page_id=8626","title":{"rendered":"2016"},"content":{"rendered":"","protected":false},"excerpt":{"rendered":"","protected":false},"author":53,"featured_media":0,"parent":95,"menu_order":26,"comment_status":"open","ping_status":"open","template":"","meta":{"advgb_blocks_editor_width":"","advgb_blocks_columns_visual_guide":"","ngg_post_thumbnail":0},"coauthors":[],"author_meta":{"author_link":"https:\/\/www.cykloklubpodbiel.sk\/?author=53","display_name":"Lubka"},"relative_dates":{"created":"Posted 10 years ago","modified":"Updated 2 years ago"},"absolute_dates":{"created":"Posted on 2. Janu\u00e1r 2016","modified":"Updated on 22. M\u00e1j 2024"},"absolute_dates_time":{"created":"Posted on 2. Janu\u00e1r 2016 15:07","modified":"Updated on 22. M\u00e1j 2024 18:38"},"featured_img_caption":"","featured_img":false,"series_order":"","_links":{"self":[{"href":"https:\/\/www.cykloklubpodbiel.sk\/index.php?rest_route=\/wp\/v2\/pages\/8626"}],"collection":[{"href":"https:\/\/www.cykloklubpodbiel.sk\/index.php?rest_route=\/wp\/v2\/pages"}],"about":[{"href":"https:\/\/www.cykloklubpodbiel.sk\/index.php?rest_route=\/wp\/v2\/types\/page"}],"author":[{"embeddable":true,"href":"https:\/\/www.cykloklubpodbiel.sk\/index.php?rest_route=\/wp\/v2\/users\/53"}],"replies":[{"embeddable":true,"href":"https:\/\/www.cykloklubpodbiel.sk\/index.php?rest_route=%2Fwp%2Fv2%2Fcomments&post=8626"}],"version-history":[{"count":1,"href":"https:\/\/www.cykloklubpodbiel.sk\/index.php?rest_route=\/wp\/v2\/pages\/8626\/revisions"}],"predecessor-version":[{"id":8627,"href":"https:\/\/www.cykloklubpodbiel.sk\/index.php?rest_route=\/wp\/v2\/pages\/8626\/revisions\/8627"}],"up":[{"embeddable":true,"href":"https:\/\/www.cykloklubpodbiel.sk\/index.php?rest_route=\/wp\/v2\/pages\/95"}],"wp:attachment":[{"href":"https:\/\/www.cykloklubpodbiel.sk\/index.php?rest_route=%2Fwp%2Fv2%2Fmedia&parent=8626"}],"curies":[{"name":"wp","href":"https:\/\/api.w.org\/{rel}","templated":true}]}}