{"id":7820,"date":"2015-06-28T11:18:43","date_gmt":"2015-06-28T10:18:43","guid":{"rendered":"http:\/\/www.cykloklubpodbiel.sk\/?page_id=7820"},"modified":"2015-07-02T22:46:07","modified_gmt":"2015-07-02T21:46:07","slug":"letna-brigada","status":"publish","type":"page","link":"https:\/\/www.cykloklubpodbiel.sk\/?page_id=7820","title":{"rendered":"Letn\u00e1 brig\u00e1da"},"content":{"rendered":"<p><strong><br \/>\n<a href=\"http:\/\/www.cykloklubpodbiel.sk\/wp-content\/uploads\/2015\/06\/tura_biela_a_cerve_11.jpg\"><img loading=\"lazy\" class=\" size-medium wp-image-7821 alignleft\" src=\"http:\/\/www.cykloklubpodbiel.sk\/wp-content\/uploads\/2015\/06\/tura_biela_a_cerve_11-300x225.jpg\" alt=\"tura_biela_a_cerve_11\" width=\"300\" height=\"225\" srcset=\"https:\/\/www.cykloklubpodbiel.sk\/wp-content\/uploads\/2015\/06\/tura_biela_a_cerve_11-300x225.jpg 300w, https:\/\/www.cykloklubpodbiel.sk\/wp-content\/uploads\/2015\/06\/tura_biela_a_cerve_11.jpg 494w\" sizes=\"(max-width: 300px) 100vw, 300px\" \/><\/a>Na<\/strong> brig\u00e1du v lese netreba \u0161peci\u00e1lnu kvalifik\u00e1ciu sta\u010d\u00ed chu\u0165. A tak\u00fato chu\u0165 mali i \u013dubko K. s Milo\u0161om K. v piatok. Rozhodli sa vy\u017ea\u0165 chodn\u00edk smerom od vodop\u00e1du a\u017e k \u010cervenej skale. N\u00e1m piatim v <span style=\"color: #ff0000;\"><strong>sobotu 27. j\u00fana 2015<\/strong><\/span> \u013dubkovi F., Jojovi K., Dodovi I., Pavlovi K., a \u013dubke K., zostala pr\u00e1ca opravi\u0165 a osadi\u0165 informa\u010dn\u00fa tabu\u013eu, ktor\u00e1 bola zna\u010dne po\u0161koden\u00e1. Po celkovej rekon\u0161trukcii sme rozm\u00fd\u0161\u013eali, kde by sme ju osadili a na\u0161li vhodnej\u0161ie miesto. Padlo dos\u0165 n\u00e1vrhov, ale nakoniec sme sa rozhodli zabet\u00f3nova\u0165 ju pri vodop\u00e1de.\u00a0Aj ke\u010f cel\u00fd de\u0148 sa niesol pod mrakom pracovalo sa\u00a0n\u00e1m v\u00fdborne. Na z\u00e1ver pl\u00e1novanej brig\u00e1dy Jojo e\u0161te robil profesion\u00e1lneho pil\u010d\u00edka a\u00a0n\u00e1m ostala menej n\u00e1ro\u010dn\u00e1 pr\u00e1ca s odprat\u00e1van\u00edm kon\u00e1rov a haluziny.Hlavn\u00fdm cie\u013eom na\u0161ej brig\u00e1dy bolo spr\u00edstupni\u0165 a obnovi\u0165 n\u00e1u\u010dn\u00fd chodn\u00edk pre turistov. A \u010do n\u00e1m bolo odmenou? Pr\u00edjemn\u00fd pocit a rados\u0165 z vykonanej pr\u00e1ce.<\/p>\n<p>Text: Foto: Kudzbelov\u00e1 \u013dubka<!-- index.php -->\n<div\n\tclass=\"ngg-galleryoverview ngg-ajax-pagination-none\"\n\tid=\"ngg-gallery-7867-1\">\n\n    \t\t<!-- Thumbnails -->\n\t\t\t\t<div id=\"ngg-image-0\" class=\"ngg-gallery-thumbnail-box\" >\n\t\t\t\t        <div class=\"ngg-gallery-thumbnail\">\n            <a href=\"https:\/\/www.cykloklubpodbiel.sk\/wp-content\/gallery\/letna-brigada\/DSC00462.jpg\"\n               title=\"\"\n               data-src=\"https:\/\/www.cykloklubpodbiel.sk\/wp-content\/gallery\/letna-brigada\/DSC00462.jpg\"\n               data-thumbnail=\"https:\/\/www.cykloklubpodbiel.sk\/wp-content\/gallery\/letna-brigada\/thumbs\/thumbs_DSC00462.jpg\"\n               data-image-id=\"533\"\n               data-title=\"DSC00462\"\n               data-description=\"\"\n               data-image-slug=\"dsc00462\"\n               class=\"ngg-fancybox\" rel=\"7867\">\n                <img\n                    title=\"DSC00462\"\n                    alt=\"DSC00462\"\n                    src=\"https:\/\/www.cykloklubpodbiel.sk\/wp-content\/gallery\/letna-brigada\/thumbs\/thumbs_DSC00462.jpg\"\n                    width=\"120\"\n                    height=\"90\"\n                    style=\"max-width:100%;\"\n                \/>\n            <\/a>\n        <\/div>\n\t\t\t\t\t\t\t<\/div> \n\t\t\t\n        \n\t\t\t\t<div id=\"ngg-image-1\" class=\"ngg-gallery-thumbnail-box\" >\n\t\t\t\t        <div class=\"ngg-gallery-thumbnail\">\n            <a href=\"https:\/\/www.cykloklubpodbiel.sk\/wp-content\/gallery\/letna-brigada\/DSC00464.jpg\"\n               title=\"\"\n               data-src=\"https:\/\/www.cykloklubpodbiel.sk\/wp-content\/gallery\/letna-brigada\/DSC00464.jpg\"\n               data-thumbnail=\"https:\/\/www.cykloklubpodbiel.sk\/wp-content\/gallery\/letna-brigada\/thumbs\/thumbs_DSC00464.jpg\"\n               data-image-id=\"534\"\n               data-title=\"DSC00464\"\n               data-description=\"\"\n               data-image-slug=\"dsc00464\"\n               class=\"ngg-fancybox\" rel=\"7867\">\n                <img\n                    title=\"DSC00464\"\n                    alt=\"DSC00464\"\n                    src=\"https:\/\/www.cykloklubpodbiel.sk\/wp-content\/gallery\/letna-brigada\/thumbs\/thumbs_DSC00464.jpg\"\n                    width=\"120\"\n                    height=\"90\"\n                    style=\"max-width:100%;\"\n                \/>\n            <\/a>\n        <\/div>\n\t\t\t\t\t\t\t<\/div> \n\t\t\t\n        \n\t\t\t\t<div id=\"ngg-image-2\" class=\"ngg-gallery-thumbnail-box\" >\n\t\t\t\t        <div class=\"ngg-gallery-thumbnail\">\n            <a href=\"https:\/\/www.cykloklubpodbiel.sk\/wp-content\/gallery\/letna-brigada\/DSC00465.jpg\"\n               title=\"\"\n               data-src=\"https:\/\/www.cykloklubpodbiel.sk\/wp-content\/gallery\/letna-brigada\/DSC00465.jpg\"\n               data-thumbnail=\"https:\/\/www.cykloklubpodbiel.sk\/wp-content\/gallery\/letna-brigada\/thumbs\/thumbs_DSC00465.jpg\"\n               data-image-id=\"535\"\n               data-title=\"DSC00465\"\n               data-description=\"\"\n               data-image-slug=\"dsc00465\"\n               class=\"ngg-fancybox\" rel=\"7867\">\n                <img\n                    title=\"DSC00465\"\n                    alt=\"DSC00465\"\n                    src=\"https:\/\/www.cykloklubpodbiel.sk\/wp-content\/gallery\/letna-brigada\/thumbs\/thumbs_DSC00465.jpg\"\n                    width=\"120\"\n                    height=\"90\"\n                    style=\"max-width:100%;\"\n                \/>\n            <\/a>\n        <\/div>\n\t\t\t\t\t\t\t<\/div> \n\t\t\t\n        \n\t\t\t\t<div id=\"ngg-image-3\" class=\"ngg-gallery-thumbnail-box\" >\n\t\t\t\t        <div class=\"ngg-gallery-thumbnail\">\n            <a href=\"https:\/\/www.cykloklubpodbiel.sk\/wp-content\/gallery\/letna-brigada\/DSC00467.jpg\"\n               title=\"\"\n               data-src=\"https:\/\/www.cykloklubpodbiel.sk\/wp-content\/gallery\/letna-brigada\/DSC00467.jpg\"\n               data-thumbnail=\"https:\/\/www.cykloklubpodbiel.sk\/wp-content\/gallery\/letna-brigada\/thumbs\/thumbs_DSC00467.jpg\"\n               data-image-id=\"536\"\n               data-title=\"DSC00467\"\n               data-description=\"\"\n               data-image-slug=\"dsc00467\"\n               class=\"ngg-fancybox\" rel=\"7867\">\n                <img\n                    title=\"DSC00467\"\n                    alt=\"DSC00467\"\n                    src=\"https:\/\/www.cykloklubpodbiel.sk\/wp-content\/gallery\/letna-brigada\/thumbs\/thumbs_DSC00467.jpg\"\n                    width=\"120\"\n                    height=\"90\"\n                    style=\"max-width:100%;\"\n                \/>\n            <\/a>\n        <\/div>\n\t\t\t\t\t\t\t<\/div> \n\t\t\t\n        \n\t\t\t\t<div id=\"ngg-image-4\" class=\"ngg-gallery-thumbnail-box\" >\n\t\t\t\t        <div class=\"ngg-gallery-thumbnail\">\n            <a href=\"https:\/\/www.cykloklubpodbiel.sk\/wp-content\/gallery\/letna-brigada\/DSC00468.jpg\"\n               title=\"\"\n               data-src=\"https:\/\/www.cykloklubpodbiel.sk\/wp-content\/gallery\/letna-brigada\/DSC00468.jpg\"\n               data-thumbnail=\"https:\/\/www.cykloklubpodbiel.sk\/wp-content\/gallery\/letna-brigada\/thumbs\/thumbs_DSC00468.jpg\"\n               data-image-id=\"537\"\n               data-title=\"DSC00468\"\n               data-description=\"\"\n               data-image-slug=\"dsc00468\"\n               class=\"ngg-fancybox\" rel=\"7867\">\n                <img\n                    title=\"DSC00468\"\n                    alt=\"DSC00468\"\n                    src=\"https:\/\/www.cykloklubpodbiel.sk\/wp-content\/gallery\/letna-brigada\/thumbs\/thumbs_DSC00468.jpg\"\n                    width=\"120\"\n                    height=\"90\"\n                    style=\"max-width:100%;\"\n                \/>\n            <\/a>\n        <\/div>\n\t\t\t\t\t\t\t<\/div> \n\t\t\t\n        \n\t\t\t\t<div id=\"ngg-image-5\" class=\"ngg-gallery-thumbnail-box\" >\n\t\t\t\t        <div class=\"ngg-gallery-thumbnail\">\n            <a href=\"https:\/\/www.cykloklubpodbiel.sk\/wp-content\/gallery\/letna-brigada\/DSC00470.jpg\"\n               title=\"\"\n               data-src=\"https:\/\/www.cykloklubpodbiel.sk\/wp-content\/gallery\/letna-brigada\/DSC00470.jpg\"\n               data-thumbnail=\"https:\/\/www.cykloklubpodbiel.sk\/wp-content\/gallery\/letna-brigada\/thumbs\/thumbs_DSC00470.jpg\"\n               data-image-id=\"538\"\n               data-title=\"DSC00470\"\n               data-description=\"\"\n               data-image-slug=\"dsc00470\"\n               class=\"ngg-fancybox\" rel=\"7867\">\n                <img\n                    title=\"DSC00470\"\n                    alt=\"DSC00470\"\n                    src=\"https:\/\/www.cykloklubpodbiel.sk\/wp-content\/gallery\/letna-brigada\/thumbs\/thumbs_DSC00470.jpg\"\n                    width=\"120\"\n                    height=\"90\"\n                    style=\"max-width:100%;\"\n                \/>\n            <\/a>\n        <\/div>\n\t\t\t\t\t\t\t<\/div> \n\t\t\t\n        \n\t\t\t\t<div id=\"ngg-image-6\" class=\"ngg-gallery-thumbnail-box\" >\n\t\t\t\t        <div class=\"ngg-gallery-thumbnail\">\n            <a href=\"https:\/\/www.cykloklubpodbiel.sk\/wp-content\/gallery\/letna-brigada\/DSC00471.jpg\"\n               title=\"\"\n               data-src=\"https:\/\/www.cykloklubpodbiel.sk\/wp-content\/gallery\/letna-brigada\/DSC00471.jpg\"\n               data-thumbnail=\"https:\/\/www.cykloklubpodbiel.sk\/wp-content\/gallery\/letna-brigada\/thumbs\/thumbs_DSC00471.jpg\"\n               data-image-id=\"539\"\n               data-title=\"DSC00471\"\n               data-description=\"\"\n               data-image-slug=\"dsc00471\"\n               class=\"ngg-fancybox\" rel=\"7867\">\n                <img\n                    title=\"DSC00471\"\n                    alt=\"DSC00471\"\n                    src=\"https:\/\/www.cykloklubpodbiel.sk\/wp-content\/gallery\/letna-brigada\/thumbs\/thumbs_DSC00471.jpg\"\n                    width=\"120\"\n                    height=\"90\"\n                    style=\"max-width:100%;\"\n                \/>\n            <\/a>\n        <\/div>\n\t\t\t\t\t\t\t<\/div> \n\t\t\t\n        \n\t\t\t\t<div id=\"ngg-image-7\" class=\"ngg-gallery-thumbnail-box\" >\n\t\t\t\t        <div class=\"ngg-gallery-thumbnail\">\n            <a href=\"https:\/\/www.cykloklubpodbiel.sk\/wp-content\/gallery\/letna-brigada\/DSC00474.jpg\"\n               title=\"\"\n               data-src=\"https:\/\/www.cykloklubpodbiel.sk\/wp-content\/gallery\/letna-brigada\/DSC00474.jpg\"\n               data-thumbnail=\"https:\/\/www.cykloklubpodbiel.sk\/wp-content\/gallery\/letna-brigada\/thumbs\/thumbs_DSC00474.jpg\"\n               data-image-id=\"540\"\n               data-title=\"DSC00474\"\n               data-description=\"\"\n               data-image-slug=\"dsc00474\"\n               class=\"ngg-fancybox\" rel=\"7867\">\n                <img\n                    title=\"DSC00474\"\n                    alt=\"DSC00474\"\n                    src=\"https:\/\/www.cykloklubpodbiel.sk\/wp-content\/gallery\/letna-brigada\/thumbs\/thumbs_DSC00474.jpg\"\n                    width=\"120\"\n                    height=\"90\"\n                    style=\"max-width:100%;\"\n                \/>\n            <\/a>\n        <\/div>\n\t\t\t\t\t\t\t<\/div> \n\t\t\t\n        \n\t\t\t\t<div id=\"ngg-image-8\" class=\"ngg-gallery-thumbnail-box\" >\n\t\t\t\t        <div class=\"ngg-gallery-thumbnail\">\n            <a href=\"https:\/\/www.cykloklubpodbiel.sk\/wp-content\/gallery\/letna-brigada\/DSC00484.jpg\"\n               title=\"\"\n               data-src=\"https:\/\/www.cykloklubpodbiel.sk\/wp-content\/gallery\/letna-brigada\/DSC00484.jpg\"\n               data-thumbnail=\"https:\/\/www.cykloklubpodbiel.sk\/wp-content\/gallery\/letna-brigada\/thumbs\/thumbs_DSC00484.jpg\"\n               data-image-id=\"541\"\n               data-title=\"DSC00484\"\n               data-description=\"\"\n               data-image-slug=\"dsc00484\"\n               class=\"ngg-fancybox\" rel=\"7867\">\n                <img\n                    title=\"DSC00484\"\n                    alt=\"DSC00484\"\n                    src=\"https:\/\/www.cykloklubpodbiel.sk\/wp-content\/gallery\/letna-brigada\/thumbs\/thumbs_DSC00484.jpg\"\n                    width=\"120\"\n                    height=\"90\"\n                    style=\"max-width:100%;\"\n                \/>\n            <\/a>\n        <\/div>\n\t\t\t\t\t\t\t<\/div> \n\t\t\t\n        \n\t\t\t\t<div id=\"ngg-image-9\" class=\"ngg-gallery-thumbnail-box\" >\n\t\t\t\t        <div class=\"ngg-gallery-thumbnail\">\n            <a href=\"https:\/\/www.cykloklubpodbiel.sk\/wp-content\/gallery\/letna-brigada\/DSC00487.jpg\"\n               title=\"\"\n               data-src=\"https:\/\/www.cykloklubpodbiel.sk\/wp-content\/gallery\/letna-brigada\/DSC00487.jpg\"\n               data-thumbnail=\"https:\/\/www.cykloklubpodbiel.sk\/wp-content\/gallery\/letna-brigada\/thumbs\/thumbs_DSC00487.jpg\"\n               data-image-id=\"542\"\n               data-title=\"DSC00487\"\n               data-description=\"\"\n               data-image-slug=\"dsc00487\"\n               class=\"ngg-fancybox\" rel=\"7867\">\n                <img\n                    title=\"DSC00487\"\n                    alt=\"DSC00487\"\n                    src=\"https:\/\/www.cykloklubpodbiel.sk\/wp-content\/gallery\/letna-brigada\/thumbs\/thumbs_DSC00487.jpg\"\n                    width=\"120\"\n                    height=\"90\"\n                    style=\"max-width:100%;\"\n                \/>\n            <\/a>\n        <\/div>\n\t\t\t\t\t\t\t<\/div> \n\t\t\t\n        \n\t\t\t\t<div id=\"ngg-image-10\" class=\"ngg-gallery-thumbnail-box\" >\n\t\t\t\t        <div class=\"ngg-gallery-thumbnail\">\n            <a href=\"https:\/\/www.cykloklubpodbiel.sk\/wp-content\/gallery\/letna-brigada\/DSC00490.jpg\"\n               title=\"\"\n               data-src=\"https:\/\/www.cykloklubpodbiel.sk\/wp-content\/gallery\/letna-brigada\/DSC00490.jpg\"\n               data-thumbnail=\"https:\/\/www.cykloklubpodbiel.sk\/wp-content\/gallery\/letna-brigada\/thumbs\/thumbs_DSC00490.jpg\"\n               data-image-id=\"543\"\n               data-title=\"DSC00490\"\n               data-description=\"\"\n               data-image-slug=\"dsc00490\"\n               class=\"ngg-fancybox\" rel=\"7867\">\n                <img\n                    title=\"DSC00490\"\n                    alt=\"DSC00490\"\n                    src=\"https:\/\/www.cykloklubpodbiel.sk\/wp-content\/gallery\/letna-brigada\/thumbs\/thumbs_DSC00490.jpg\"\n                    width=\"120\"\n                    height=\"90\"\n                    style=\"max-width:100%;\"\n                \/>\n            <\/a>\n        <\/div>\n\t\t\t\t\t\t\t<\/div> \n\t\t\t\n        \n\t\t\t\t<div id=\"ngg-image-11\" class=\"ngg-gallery-thumbnail-box\" >\n\t\t\t\t        <div class=\"ngg-gallery-thumbnail\">\n            <a href=\"https:\/\/www.cykloklubpodbiel.sk\/wp-content\/gallery\/letna-brigada\/DSC00491.jpg\"\n               title=\"\"\n               data-src=\"https:\/\/www.cykloklubpodbiel.sk\/wp-content\/gallery\/letna-brigada\/DSC00491.jpg\"\n               data-thumbnail=\"https:\/\/www.cykloklubpodbiel.sk\/wp-content\/gallery\/letna-brigada\/thumbs\/thumbs_DSC00491.jpg\"\n               data-image-id=\"544\"\n               data-title=\"DSC00491\"\n               data-description=\"\"\n               data-image-slug=\"dsc00491\"\n               class=\"ngg-fancybox\" rel=\"7867\">\n                <img\n                    title=\"DSC00491\"\n                    alt=\"DSC00491\"\n                    src=\"https:\/\/www.cykloklubpodbiel.sk\/wp-content\/gallery\/letna-brigada\/thumbs\/thumbs_DSC00491.jpg\"\n                    width=\"120\"\n                    height=\"90\"\n                    style=\"max-width:100%;\"\n                \/>\n            <\/a>\n        <\/div>\n\t\t\t\t\t\t\t<\/div> \n\t\t\t\n        \n\t\t\t\t<div id=\"ngg-image-12\" class=\"ngg-gallery-thumbnail-box\" >\n\t\t\t\t        <div class=\"ngg-gallery-thumbnail\">\n            <a href=\"https:\/\/www.cykloklubpodbiel.sk\/wp-content\/gallery\/letna-brigada\/DSC00494.jpg\"\n               title=\"\"\n               data-src=\"https:\/\/www.cykloklubpodbiel.sk\/wp-content\/gallery\/letna-brigada\/DSC00494.jpg\"\n               data-thumbnail=\"https:\/\/www.cykloklubpodbiel.sk\/wp-content\/gallery\/letna-brigada\/thumbs\/thumbs_DSC00494.jpg\"\n               data-image-id=\"545\"\n               data-title=\"DSC00494\"\n               data-description=\"\"\n               data-image-slug=\"dsc00494\"\n               class=\"ngg-fancybox\" rel=\"7867\">\n                <img\n                    title=\"DSC00494\"\n                    alt=\"DSC00494\"\n                    src=\"https:\/\/www.cykloklubpodbiel.sk\/wp-content\/gallery\/letna-brigada\/thumbs\/thumbs_DSC00494.jpg\"\n                    width=\"120\"\n                    height=\"90\"\n                    style=\"max-width:100%;\"\n                \/>\n            <\/a>\n        <\/div>\n\t\t\t\t\t\t\t<\/div> \n\t\t\t\n        \n\t\t\t\t<div id=\"ngg-image-13\" class=\"ngg-gallery-thumbnail-box\" >\n\t\t\t\t        <div class=\"ngg-gallery-thumbnail\">\n            <a href=\"https:\/\/www.cykloklubpodbiel.sk\/wp-content\/gallery\/letna-brigada\/DSC00496.jpg\"\n               title=\"\"\n               data-src=\"https:\/\/www.cykloklubpodbiel.sk\/wp-content\/gallery\/letna-brigada\/DSC00496.jpg\"\n               data-thumbnail=\"https:\/\/www.cykloklubpodbiel.sk\/wp-content\/gallery\/letna-brigada\/thumbs\/thumbs_DSC00496.jpg\"\n               data-image-id=\"546\"\n               data-title=\"DSC00496\"\n               data-description=\"\"\n               data-image-slug=\"dsc00496\"\n               class=\"ngg-fancybox\" rel=\"7867\">\n                <img\n                    title=\"DSC00496\"\n                    alt=\"DSC00496\"\n                    src=\"https:\/\/www.cykloklubpodbiel.sk\/wp-content\/gallery\/letna-brigada\/thumbs\/thumbs_DSC00496.jpg\"\n                    width=\"120\"\n                    height=\"90\"\n                    style=\"max-width:100%;\"\n                \/>\n            <\/a>\n        <\/div>\n\t\t\t\t\t\t\t<\/div> \n\t\t\t\n        \n\t\t\t\t<div id=\"ngg-image-14\" class=\"ngg-gallery-thumbnail-box\" >\n\t\t\t\t        <div class=\"ngg-gallery-thumbnail\">\n            <a href=\"https:\/\/www.cykloklubpodbiel.sk\/wp-content\/gallery\/letna-brigada\/DSC00498.jpg\"\n               title=\"\"\n               data-src=\"https:\/\/www.cykloklubpodbiel.sk\/wp-content\/gallery\/letna-brigada\/DSC00498.jpg\"\n               data-thumbnail=\"https:\/\/www.cykloklubpodbiel.sk\/wp-content\/gallery\/letna-brigada\/thumbs\/thumbs_DSC00498.jpg\"\n               data-image-id=\"547\"\n               data-title=\"DSC00498\"\n               data-description=\"\"\n               data-image-slug=\"dsc00498\"\n               class=\"ngg-fancybox\" rel=\"7867\">\n                <img\n                    title=\"DSC00498\"\n                    alt=\"DSC00498\"\n                    src=\"https:\/\/www.cykloklubpodbiel.sk\/wp-content\/gallery\/letna-brigada\/thumbs\/thumbs_DSC00498.jpg\"\n                    width=\"120\"\n                    height=\"90\"\n                    style=\"max-width:100%;\"\n                \/>\n            <\/a>\n        <\/div>\n\t\t\t\t\t\t\t<\/div> \n\t\t\t\n        \n\t\t\t\t<div id=\"ngg-image-15\" class=\"ngg-gallery-thumbnail-box\" >\n\t\t\t\t        <div class=\"ngg-gallery-thumbnail\">\n            <a href=\"https:\/\/www.cykloklubpodbiel.sk\/wp-content\/gallery\/letna-brigada\/DSC00500.jpg\"\n               title=\"\"\n               data-src=\"https:\/\/www.cykloklubpodbiel.sk\/wp-content\/gallery\/letna-brigada\/DSC00500.jpg\"\n               data-thumbnail=\"https:\/\/www.cykloklubpodbiel.sk\/wp-content\/gallery\/letna-brigada\/thumbs\/thumbs_DSC00500.jpg\"\n               data-image-id=\"548\"\n               data-title=\"DSC00500\"\n               data-description=\"\"\n               data-image-slug=\"dsc00500\"\n               class=\"ngg-fancybox\" rel=\"7867\">\n                <img\n                    title=\"DSC00500\"\n                    alt=\"DSC00500\"\n                    src=\"https:\/\/www.cykloklubpodbiel.sk\/wp-content\/gallery\/letna-brigada\/thumbs\/thumbs_DSC00500.jpg\"\n                    width=\"120\"\n                    height=\"90\"\n                    style=\"max-width:100%;\"\n                \/>\n            <\/a>\n        <\/div>\n\t\t\t\t\t\t\t<\/div> \n\t\t\t\n        \n\t\t\n\t\t<!-- Pagination -->\n\t<div class='ngg-clear'><\/div>\t<\/div>\n<\/p>\n<p style=\"text-align: justify;\">\n","protected":false},"excerpt":{"rendered":"<p>Na brig\u00e1du v lese netreba \u0161peci\u00e1lnu kvalifik\u00e1ciu sta\u010d\u00ed chu\u0165. A tak\u00fato chu\u0165 mali i \u013dubko K. s Milo\u0161om K. v piatok. Rozhodli sa vy\u017ea\u0165 chodn\u00edk smerom od vodop\u00e1du a\u017e k \u010cervenej skale. N\u00e1m piatim v sobotu 27. j\u00fana 2015 \u013dubkovi F., Jojovi K., Dodovi I., Pavlovi K., a \u013dubke K., zostala pr\u00e1ca opravi\u0165 a osadi\u0165 [&hellip;]<\/p>\n","protected":false},"author":53,"featured_media":0,"parent":5857,"menu_order":0,"comment_status":"open","ping_status":"open","template":"","meta":{"advgb_blocks_editor_width":"","advgb_blocks_columns_visual_guide":"","ngg_post_thumbnail":0},"coauthors":[],"author_meta":{"author_link":"https:\/\/www.cykloklubpodbiel.sk\/?author=53","display_name":"Lubka"},"relative_dates":{"created":"Posted 11 years ago","modified":"Updated 11 years ago"},"absolute_dates":{"created":"Posted on 28. J\u00fan 2015","modified":"Updated on 2. J\u00fal 2015"},"absolute_dates_time":{"created":"Posted on 28. J\u00fan 2015 11:18","modified":"Updated on 2. J\u00fal 2015 22:46"},"featured_img_caption":"","featured_img":false,"series_order":"","_links":{"self":[{"href":"https:\/\/www.cykloklubpodbiel.sk\/index.php?rest_route=\/wp\/v2\/pages\/7820"}],"collection":[{"href":"https:\/\/www.cykloklubpodbiel.sk\/index.php?rest_route=\/wp\/v2\/pages"}],"about":[{"href":"https:\/\/www.cykloklubpodbiel.sk\/index.php?rest_route=\/wp\/v2\/types\/page"}],"author":[{"embeddable":true,"href":"https:\/\/www.cykloklubpodbiel.sk\/index.php?rest_route=\/wp\/v2\/users\/53"}],"replies":[{"embeddable":true,"href":"https:\/\/www.cykloklubpodbiel.sk\/index.php?rest_route=%2Fwp%2Fv2%2Fcomments&post=7820"}],"version-history":[{"count":10,"href":"https:\/\/www.cykloklubpodbiel.sk\/index.php?rest_route=\/wp\/v2\/pages\/7820\/revisions"}],"predecessor-version":[{"id":7874,"href":"https:\/\/www.cykloklubpodbiel.sk\/index.php?rest_route=\/wp\/v2\/pages\/7820\/revisions\/7874"}],"up":[{"embeddable":true,"href":"https:\/\/www.cykloklubpodbiel.sk\/index.php?rest_route=\/wp\/v2\/pages\/5857"}],"wp:attachment":[{"href":"https:\/\/www.cykloklubpodbiel.sk\/index.php?rest_route=%2Fwp%2Fv2%2Fmedia&parent=7820"}],"curies":[{"name":"wp","href":"https:\/\/api.w.org\/{rel}","templated":true}]}}