{"id":7750,"date":"2015-06-08T15:58:20","date_gmt":"2015-06-08T14:58:20","guid":{"rendered":"http:\/\/www.cykloklubpodbiel.sk\/?page_id=7750"},"modified":"2015-06-08T16:01:57","modified_gmt":"2015-06-08T15:01:57","slug":"medzinarodny-den-deti","status":"publish","type":"page","link":"https:\/\/www.cykloklubpodbiel.sk\/?page_id=7750","title":{"rendered":"Medzin\u00e1rodn\u00fd de\u0148 det\u00ed"},"content":{"rendered":"<p><strong><img loading=\"lazy\" class=\"  wp-image-7746 alignleft\" src=\"http:\/\/www.cykloklubpodbiel.sk\/wp-content\/uploads\/2015\/06\/DSC06145-300x225.jpg\" alt=\"DSC06145\" width=\"289\" height=\"217\" srcset=\"https:\/\/www.cykloklubpodbiel.sk\/wp-content\/uploads\/2015\/06\/DSC06145-300x225.jpg 300w, https:\/\/www.cykloklubpodbiel.sk\/wp-content\/uploads\/2015\/06\/DSC06145-1024x768.jpg 1024w\" sizes=\"(max-width: 289px) 100vw, 289px\" \/><br \/>\nKult\u00farno-\u0161portov\u00e1 komisia v Podbieli v sobotu<\/strong>\u00a0<span style=\"color: #ff0000;\"><strong>6. j\u00fana 2015\u00a0<\/strong><\/span>aj s ostatn\u00fdmi organiz\u00e1ciami v Podbieli zorganizovala \u0161portov\u00fd de\u0148 na ihrisku pre deti k sviatku MDD. Do tejto akcie sa zapojili aj na\u0161i \u010dlenovia cykloklubu. \u013dubo Franko pripravil pre deti jazdu zru\u010dnosti na bicykli cez prek\u00e1\u017eky pri ktorej mu pom\u00e1hal Pavol Kudzbel. Program pre deti bol bohat\u00fd.Ma\u013eovanie na tv\u00e1r, jazda na koni, stre\u013eba z\u00a0luku, stre\u013eba hokejkou do br\u00e1nky, chytanie rybi\u010diek a rad in\u00fdch s\u00fa\u0165a\u017e\u00ed.Deti dostali s\u00fa\u0165a\u017eiaci l\u00edstok s\u00a0ktor\u00fdm chodili po jednotliv\u00fdch stanovi\u0161tiach.Po absolvovan\u00ed discipl\u00edny dostal s\u00fa\u0165a\u017eiaci na l\u00edstok obr\u00e1zkov\u00fa pe\u010diatku, sladkos\u0165 \u010di mal\u00fa upomienku. Cel\u00fa akciu moderoval Pe\u0165o Vil\u010dinsk\u00fd.De\u0148 bol naozaj hor\u00faci a organiz\u00e1tori nezabudli na pitn\u00fd re\u017eim, ktor\u00fd bol k\u00a0dispoz\u00edcii po\u010das celej akcie, ako aj ob\u010derstvenie, ktor\u00e9 ulahodilo nie len de\u0165om ,ale i\u00a0dospel\u00fdm.Pre v\u0161etk\u00fdch bol pripraven\u00fd chutn\u00fd gu\u013e\u00e1\u0161 a\u00a0nech\u00fdbala ani tombola. Najv\u00e4\u010d\u0161iu rados\u0165 mali deti z hasi\u010dskej peny v\u00a0ktorej sa vy\u0161antili do s\u00fdtosti.Tejto akcie sa z\u00fa\u010dastnilo okolo 200 deti. Te\u0161\u00edm sa, \u017ee nie len organiz\u00e1tori a rodi\u010dia,ale i \u010dlenovia cykloklubu str\u00e1vili pekn\u00fd de\u0148 s\u00a0de\u0165mi.<\/p>\n<p>Text:Kudzbelov\u00e1 \u013d<\/p>\n<p>Foto:Kanderka J.\u00a0<!-- index.php -->\n<div\n\tclass=\"ngg-galleryoverview ngg-ajax-pagination-none\"\n\tid=\"ngg-gallery-7794-1\">\n\n    \t\t<!-- Thumbnails -->\n\t\t\t\t<div id=\"ngg-image-0\" class=\"ngg-gallery-thumbnail-box\" >\n\t\t\t\t        <div class=\"ngg-gallery-thumbnail\">\n            <a href=\"https:\/\/www.cykloklubpodbiel.sk\/wp-content\/gallery\/medzinarodny-den-deti\/DSC06144.JPG\"\n               title=\"\"\n               data-src=\"https:\/\/www.cykloklubpodbiel.sk\/wp-content\/gallery\/medzinarodny-den-deti\/DSC06144.JPG\"\n               data-thumbnail=\"https:\/\/www.cykloklubpodbiel.sk\/wp-content\/gallery\/medzinarodny-den-deti\/thumbs\/thumbs_DSC06144.JPG\"\n               data-image-id=\"518\"\n               data-title=\"DSC06144\"\n               data-description=\"\"\n               data-image-slug=\"dsc06144\"\n               class=\"ngg-fancybox\" rel=\"7794\">\n                <img\n                    title=\"DSC06144\"\n                    alt=\"DSC06144\"\n                    src=\"https:\/\/www.cykloklubpodbiel.sk\/wp-content\/gallery\/medzinarodny-den-deti\/thumbs\/thumbs_DSC06144.JPG\"\n                    width=\"120\"\n                    height=\"90\"\n                    style=\"max-width:100%;\"\n                \/>\n            <\/a>\n        <\/div>\n\t\t\t\t\t\t\t<\/div> \n\t\t\t\n        \n\t\t\t\t<div id=\"ngg-image-1\" class=\"ngg-gallery-thumbnail-box\" >\n\t\t\t\t        <div class=\"ngg-gallery-thumbnail\">\n            <a href=\"https:\/\/www.cykloklubpodbiel.sk\/wp-content\/gallery\/medzinarodny-den-deti\/DSC06146.JPG\"\n               title=\"\"\n               data-src=\"https:\/\/www.cykloklubpodbiel.sk\/wp-content\/gallery\/medzinarodny-den-deti\/DSC06146.JPG\"\n               data-thumbnail=\"https:\/\/www.cykloklubpodbiel.sk\/wp-content\/gallery\/medzinarodny-den-deti\/thumbs\/thumbs_DSC06146.JPG\"\n               data-image-id=\"519\"\n               data-title=\"DSC06146\"\n               data-description=\"\"\n               data-image-slug=\"dsc06146\"\n               class=\"ngg-fancybox\" rel=\"7794\">\n                <img\n                    title=\"DSC06146\"\n                    alt=\"DSC06146\"\n                    src=\"https:\/\/www.cykloklubpodbiel.sk\/wp-content\/gallery\/medzinarodny-den-deti\/thumbs\/thumbs_DSC06146.JPG\"\n                    width=\"120\"\n                    height=\"90\"\n                    style=\"max-width:100%;\"\n                \/>\n            <\/a>\n        <\/div>\n\t\t\t\t\t\t\t<\/div> \n\t\t\t\n        \n\t\t\t\t<div id=\"ngg-image-2\" class=\"ngg-gallery-thumbnail-box\" >\n\t\t\t\t        <div class=\"ngg-gallery-thumbnail\">\n            <a href=\"https:\/\/www.cykloklubpodbiel.sk\/wp-content\/gallery\/medzinarodny-den-deti\/DSC06147.JPG\"\n               title=\"\"\n               data-src=\"https:\/\/www.cykloklubpodbiel.sk\/wp-content\/gallery\/medzinarodny-den-deti\/DSC06147.JPG\"\n               data-thumbnail=\"https:\/\/www.cykloklubpodbiel.sk\/wp-content\/gallery\/medzinarodny-den-deti\/thumbs\/thumbs_DSC06147.JPG\"\n               data-image-id=\"520\"\n               data-title=\"DSC06147\"\n               data-description=\"\"\n               data-image-slug=\"dsc06147\"\n               class=\"ngg-fancybox\" rel=\"7794\">\n                <img\n                    title=\"DSC06147\"\n                    alt=\"DSC06147\"\n                    src=\"https:\/\/www.cykloklubpodbiel.sk\/wp-content\/gallery\/medzinarodny-den-deti\/thumbs\/thumbs_DSC06147.JPG\"\n                    width=\"120\"\n                    height=\"90\"\n                    style=\"max-width:100%;\"\n                \/>\n            <\/a>\n        <\/div>\n\t\t\t\t\t\t\t<\/div> \n\t\t\t\n        \n\t\t\t\t<div id=\"ngg-image-3\" class=\"ngg-gallery-thumbnail-box\" >\n\t\t\t\t        <div class=\"ngg-gallery-thumbnail\">\n            <a href=\"https:\/\/www.cykloklubpodbiel.sk\/wp-content\/gallery\/medzinarodny-den-deti\/DSC06148.JPG\"\n               title=\"\"\n               data-src=\"https:\/\/www.cykloklubpodbiel.sk\/wp-content\/gallery\/medzinarodny-den-deti\/DSC06148.JPG\"\n               data-thumbnail=\"https:\/\/www.cykloklubpodbiel.sk\/wp-content\/gallery\/medzinarodny-den-deti\/thumbs\/thumbs_DSC06148.JPG\"\n               data-image-id=\"521\"\n               data-title=\"DSC06148\"\n               data-description=\"\"\n               data-image-slug=\"dsc06148\"\n               class=\"ngg-fancybox\" rel=\"7794\">\n                <img\n                    title=\"DSC06148\"\n                    alt=\"DSC06148\"\n                    src=\"https:\/\/www.cykloklubpodbiel.sk\/wp-content\/gallery\/medzinarodny-den-deti\/thumbs\/thumbs_DSC06148.JPG\"\n                    width=\"120\"\n                    height=\"90\"\n                    style=\"max-width:100%;\"\n                \/>\n            <\/a>\n        <\/div>\n\t\t\t\t\t\t\t<\/div> \n\t\t\t\n        \n\t\t\t\t<div id=\"ngg-image-4\" class=\"ngg-gallery-thumbnail-box\" >\n\t\t\t\t        <div class=\"ngg-gallery-thumbnail\">\n            <a href=\"https:\/\/www.cykloklubpodbiel.sk\/wp-content\/gallery\/medzinarodny-den-deti\/DSC06149.JPG\"\n               title=\"\"\n               data-src=\"https:\/\/www.cykloklubpodbiel.sk\/wp-content\/gallery\/medzinarodny-den-deti\/DSC06149.JPG\"\n               data-thumbnail=\"https:\/\/www.cykloklubpodbiel.sk\/wp-content\/gallery\/medzinarodny-den-deti\/thumbs\/thumbs_DSC06149.JPG\"\n               data-image-id=\"522\"\n               data-title=\"DSC06149\"\n               data-description=\"\"\n               data-image-slug=\"dsc06149\"\n               class=\"ngg-fancybox\" rel=\"7794\">\n                <img\n                    title=\"DSC06149\"\n                    alt=\"DSC06149\"\n                    src=\"https:\/\/www.cykloklubpodbiel.sk\/wp-content\/gallery\/medzinarodny-den-deti\/thumbs\/thumbs_DSC06149.JPG\"\n                    width=\"120\"\n                    height=\"90\"\n                    style=\"max-width:100%;\"\n                \/>\n            <\/a>\n        <\/div>\n\t\t\t\t\t\t\t<\/div> \n\t\t\t\n        \n\t\t\t\t<div id=\"ngg-image-5\" class=\"ngg-gallery-thumbnail-box\" >\n\t\t\t\t        <div class=\"ngg-gallery-thumbnail\">\n            <a href=\"https:\/\/www.cykloklubpodbiel.sk\/wp-content\/gallery\/medzinarodny-den-deti\/DSC06151.JPG\"\n               title=\"\"\n               data-src=\"https:\/\/www.cykloklubpodbiel.sk\/wp-content\/gallery\/medzinarodny-den-deti\/DSC06151.JPG\"\n               data-thumbnail=\"https:\/\/www.cykloklubpodbiel.sk\/wp-content\/gallery\/medzinarodny-den-deti\/thumbs\/thumbs_DSC06151.JPG\"\n               data-image-id=\"524\"\n               data-title=\"DSC06151\"\n               data-description=\"\"\n               data-image-slug=\"dsc06151\"\n               class=\"ngg-fancybox\" rel=\"7794\">\n                <img\n                    title=\"DSC06151\"\n                    alt=\"DSC06151\"\n                    src=\"https:\/\/www.cykloklubpodbiel.sk\/wp-content\/gallery\/medzinarodny-den-deti\/thumbs\/thumbs_DSC06151.JPG\"\n                    width=\"120\"\n                    height=\"90\"\n                    style=\"max-width:100%;\"\n                \/>\n            <\/a>\n        <\/div>\n\t\t\t\t\t\t\t<\/div> \n\t\t\t\n        \n\t\t\t\t<div id=\"ngg-image-6\" class=\"ngg-gallery-thumbnail-box\" >\n\t\t\t\t        <div class=\"ngg-gallery-thumbnail\">\n            <a href=\"https:\/\/www.cykloklubpodbiel.sk\/wp-content\/gallery\/medzinarodny-den-deti\/DSC06152.JPG\"\n               title=\"\"\n               data-src=\"https:\/\/www.cykloklubpodbiel.sk\/wp-content\/gallery\/medzinarodny-den-deti\/DSC06152.JPG\"\n               data-thumbnail=\"https:\/\/www.cykloklubpodbiel.sk\/wp-content\/gallery\/medzinarodny-den-deti\/thumbs\/thumbs_DSC06152.JPG\"\n               data-image-id=\"525\"\n               data-title=\"DSC06152\"\n               data-description=\"\"\n               data-image-slug=\"dsc06152\"\n               class=\"ngg-fancybox\" rel=\"7794\">\n                <img\n                    title=\"DSC06152\"\n                    alt=\"DSC06152\"\n                    src=\"https:\/\/www.cykloklubpodbiel.sk\/wp-content\/gallery\/medzinarodny-den-deti\/thumbs\/thumbs_DSC06152.JPG\"\n                    width=\"120\"\n                    height=\"90\"\n                    style=\"max-width:100%;\"\n                \/>\n            <\/a>\n        <\/div>\n\t\t\t\t\t\t\t<\/div> \n\t\t\t\n        \n\t\t\t\t<div id=\"ngg-image-7\" class=\"ngg-gallery-thumbnail-box\" >\n\t\t\t\t        <div class=\"ngg-gallery-thumbnail\">\n            <a href=\"https:\/\/www.cykloklubpodbiel.sk\/wp-content\/gallery\/medzinarodny-den-deti\/DSC06153.JPG\"\n               title=\"\"\n               data-src=\"https:\/\/www.cykloklubpodbiel.sk\/wp-content\/gallery\/medzinarodny-den-deti\/DSC06153.JPG\"\n               data-thumbnail=\"https:\/\/www.cykloklubpodbiel.sk\/wp-content\/gallery\/medzinarodny-den-deti\/thumbs\/thumbs_DSC06153.JPG\"\n               data-image-id=\"526\"\n               data-title=\"DSC06153\"\n               data-description=\"\"\n               data-image-slug=\"dsc06153\"\n               class=\"ngg-fancybox\" rel=\"7794\">\n                <img\n                    title=\"DSC06153\"\n                    alt=\"DSC06153\"\n                    src=\"https:\/\/www.cykloklubpodbiel.sk\/wp-content\/gallery\/medzinarodny-den-deti\/thumbs\/thumbs_DSC06153.JPG\"\n                    width=\"120\"\n                    height=\"90\"\n                    style=\"max-width:100%;\"\n                \/>\n            <\/a>\n        <\/div>\n\t\t\t\t\t\t\t<\/div> \n\t\t\t\n        \n\t\t\t\t<div id=\"ngg-image-8\" class=\"ngg-gallery-thumbnail-box\" >\n\t\t\t\t        <div class=\"ngg-gallery-thumbnail\">\n            <a href=\"https:\/\/www.cykloklubpodbiel.sk\/wp-content\/gallery\/medzinarodny-den-deti\/DSC06154.JPG\"\n               title=\"\"\n               data-src=\"https:\/\/www.cykloklubpodbiel.sk\/wp-content\/gallery\/medzinarodny-den-deti\/DSC06154.JPG\"\n               data-thumbnail=\"https:\/\/www.cykloklubpodbiel.sk\/wp-content\/gallery\/medzinarodny-den-deti\/thumbs\/thumbs_DSC06154.JPG\"\n               data-image-id=\"527\"\n               data-title=\"DSC06154\"\n               data-description=\"\"\n               data-image-slug=\"dsc06154\"\n               class=\"ngg-fancybox\" rel=\"7794\">\n                <img\n                    title=\"DSC06154\"\n                    alt=\"DSC06154\"\n                    src=\"https:\/\/www.cykloklubpodbiel.sk\/wp-content\/gallery\/medzinarodny-den-deti\/thumbs\/thumbs_DSC06154.JPG\"\n                    width=\"120\"\n                    height=\"90\"\n                    style=\"max-width:100%;\"\n                \/>\n            <\/a>\n        <\/div>\n\t\t\t\t\t\t\t<\/div> \n\t\t\t\n        \n\t\t\t\t<div id=\"ngg-image-9\" class=\"ngg-gallery-thumbnail-box\" >\n\t\t\t\t        <div class=\"ngg-gallery-thumbnail\">\n            <a href=\"https:\/\/www.cykloklubpodbiel.sk\/wp-content\/gallery\/medzinarodny-den-deti\/DSC06155.JPG\"\n               title=\"\"\n               data-src=\"https:\/\/www.cykloklubpodbiel.sk\/wp-content\/gallery\/medzinarodny-den-deti\/DSC06155.JPG\"\n               data-thumbnail=\"https:\/\/www.cykloklubpodbiel.sk\/wp-content\/gallery\/medzinarodny-den-deti\/thumbs\/thumbs_DSC06155.JPG\"\n               data-image-id=\"528\"\n               data-title=\"DSC06155\"\n               data-description=\"\"\n               data-image-slug=\"dsc06155\"\n               class=\"ngg-fancybox\" rel=\"7794\">\n                <img\n                    title=\"DSC06155\"\n                    alt=\"DSC06155\"\n                    src=\"https:\/\/www.cykloklubpodbiel.sk\/wp-content\/gallery\/medzinarodny-den-deti\/thumbs\/thumbs_DSC06155.JPG\"\n                    width=\"120\"\n                    height=\"90\"\n                    style=\"max-width:100%;\"\n                \/>\n            <\/a>\n        <\/div>\n\t\t\t\t\t\t\t<\/div> \n\t\t\t\n        \n\t\t\t\t<div id=\"ngg-image-10\" class=\"ngg-gallery-thumbnail-box\" >\n\t\t\t\t        <div class=\"ngg-gallery-thumbnail\">\n            <a href=\"https:\/\/www.cykloklubpodbiel.sk\/wp-content\/gallery\/medzinarodny-den-deti\/DSC06156.JPG\"\n               title=\"\"\n               data-src=\"https:\/\/www.cykloklubpodbiel.sk\/wp-content\/gallery\/medzinarodny-den-deti\/DSC06156.JPG\"\n               data-thumbnail=\"https:\/\/www.cykloklubpodbiel.sk\/wp-content\/gallery\/medzinarodny-den-deti\/thumbs\/thumbs_DSC06156.JPG\"\n               data-image-id=\"529\"\n               data-title=\"DSC06156\"\n               data-description=\"\"\n               data-image-slug=\"dsc06156\"\n               class=\"ngg-fancybox\" rel=\"7794\">\n                <img\n                    title=\"DSC06156\"\n                    alt=\"DSC06156\"\n                    src=\"https:\/\/www.cykloklubpodbiel.sk\/wp-content\/gallery\/medzinarodny-den-deti\/thumbs\/thumbs_DSC06156.JPG\"\n                    width=\"120\"\n                    height=\"90\"\n                    style=\"max-width:100%;\"\n                \/>\n            <\/a>\n        <\/div>\n\t\t\t\t\t\t\t<\/div> \n\t\t\t\n        \n\t\t\t\t<div id=\"ngg-image-11\" class=\"ngg-gallery-thumbnail-box\" >\n\t\t\t\t        <div class=\"ngg-gallery-thumbnail\">\n            <a href=\"https:\/\/www.cykloklubpodbiel.sk\/wp-content\/gallery\/medzinarodny-den-deti\/DSC06157.JPG\"\n               title=\"\"\n               data-src=\"https:\/\/www.cykloklubpodbiel.sk\/wp-content\/gallery\/medzinarodny-den-deti\/DSC06157.JPG\"\n               data-thumbnail=\"https:\/\/www.cykloklubpodbiel.sk\/wp-content\/gallery\/medzinarodny-den-deti\/thumbs\/thumbs_DSC06157.JPG\"\n               data-image-id=\"530\"\n               data-title=\"DSC06157\"\n               data-description=\"\"\n               data-image-slug=\"dsc06157\"\n               class=\"ngg-fancybox\" rel=\"7794\">\n                <img\n                    title=\"DSC06157\"\n                    alt=\"DSC06157\"\n                    src=\"https:\/\/www.cykloklubpodbiel.sk\/wp-content\/gallery\/medzinarodny-den-deti\/thumbs\/thumbs_DSC06157.JPG\"\n                    width=\"120\"\n                    height=\"90\"\n                    style=\"max-width:100%;\"\n                \/>\n            <\/a>\n        <\/div>\n\t\t\t\t\t\t\t<\/div> \n\t\t\t\n        \n\t\t\t\t<div id=\"ngg-image-12\" class=\"ngg-gallery-thumbnail-box\" >\n\t\t\t\t        <div class=\"ngg-gallery-thumbnail\">\n            <a href=\"https:\/\/www.cykloklubpodbiel.sk\/wp-content\/gallery\/medzinarodny-den-deti\/DSC06158.JPG\"\n               title=\"\"\n               data-src=\"https:\/\/www.cykloklubpodbiel.sk\/wp-content\/gallery\/medzinarodny-den-deti\/DSC06158.JPG\"\n               data-thumbnail=\"https:\/\/www.cykloklubpodbiel.sk\/wp-content\/gallery\/medzinarodny-den-deti\/thumbs\/thumbs_DSC06158.JPG\"\n               data-image-id=\"531\"\n               data-title=\"DSC06158\"\n               data-description=\"\"\n               data-image-slug=\"dsc06158\"\n               class=\"ngg-fancybox\" rel=\"7794\">\n                <img\n                    title=\"DSC06158\"\n                    alt=\"DSC06158\"\n                    src=\"https:\/\/www.cykloklubpodbiel.sk\/wp-content\/gallery\/medzinarodny-den-deti\/thumbs\/thumbs_DSC06158.JPG\"\n                    width=\"120\"\n                    height=\"90\"\n                    style=\"max-width:100%;\"\n                \/>\n            <\/a>\n        <\/div>\n\t\t\t\t\t\t\t<\/div> \n\t\t\t\n        \n\t\t\t\t<div id=\"ngg-image-13\" class=\"ngg-gallery-thumbnail-box\" >\n\t\t\t\t        <div class=\"ngg-gallery-thumbnail\">\n            <a href=\"https:\/\/www.cykloklubpodbiel.sk\/wp-content\/gallery\/medzinarodny-den-deti\/DSC06159.JPG\"\n               title=\"\"\n               data-src=\"https:\/\/www.cykloklubpodbiel.sk\/wp-content\/gallery\/medzinarodny-den-deti\/DSC06159.JPG\"\n               data-thumbnail=\"https:\/\/www.cykloklubpodbiel.sk\/wp-content\/gallery\/medzinarodny-den-deti\/thumbs\/thumbs_DSC06159.JPG\"\n               data-image-id=\"532\"\n               data-title=\"DSC06159\"\n               data-description=\"\"\n               data-image-slug=\"dsc06159\"\n               class=\"ngg-fancybox\" rel=\"7794\">\n                <img\n                    title=\"DSC06159\"\n                    alt=\"DSC06159\"\n                    src=\"https:\/\/www.cykloklubpodbiel.sk\/wp-content\/gallery\/medzinarodny-den-deti\/thumbs\/thumbs_DSC06159.JPG\"\n                    width=\"120\"\n                    height=\"90\"\n                    style=\"max-width:100%;\"\n                \/>\n            <\/a>\n        <\/div>\n\t\t\t\t\t\t\t<\/div> \n\t\t\t\n        \n\t\t\n\t\t<!-- Pagination -->\n\t<div class='ngg-clear'><\/div>\t<\/div>\n<\/p>\n","protected":false},"excerpt":{"rendered":"<p>Kult\u00farno-\u0161portov\u00e1 komisia v Podbieli v sobotu\u00a06. j\u00fana 2015\u00a0aj s ostatn\u00fdmi organiz\u00e1ciami v Podbieli zorganizovala \u0161portov\u00fd de\u0148 na ihrisku pre deti k sviatku MDD. Do tejto akcie sa zapojili aj na\u0161i \u010dlenovia cykloklubu. \u013dubo Franko pripravil pre deti jazdu zru\u010dnosti na bicykli cez prek\u00e1\u017eky pri ktorej mu pom\u00e1hal Pavol Kudzbel. Program pre deti bol bohat\u00fd.Ma\u013eovanie na [&hellip;]<\/p>\n","protected":false},"author":53,"featured_media":0,"parent":5857,"menu_order":0,"comment_status":"open","ping_status":"open","template":"","meta":{"advgb_blocks_editor_width":"","advgb_blocks_columns_visual_guide":"","ngg_post_thumbnail":0},"coauthors":[],"author_meta":{"author_link":"https:\/\/www.cykloklubpodbiel.sk\/?author=53","display_name":"Lubka"},"relative_dates":{"created":"Posted 11 years ago","modified":"Updated 11 years ago"},"absolute_dates":{"created":"Posted on 8. J\u00fan 2015","modified":"Updated on 8. J\u00fan 2015"},"absolute_dates_time":{"created":"Posted on 8. J\u00fan 2015 15:58","modified":"Updated on 8. J\u00fan 2015 16:01"},"featured_img_caption":"","featured_img":false,"series_order":"","_links":{"self":[{"href":"https:\/\/www.cykloklubpodbiel.sk\/index.php?rest_route=\/wp\/v2\/pages\/7750"}],"collection":[{"href":"https:\/\/www.cykloklubpodbiel.sk\/index.php?rest_route=\/wp\/v2\/pages"}],"about":[{"href":"https:\/\/www.cykloklubpodbiel.sk\/index.php?rest_route=\/wp\/v2\/types\/page"}],"author":[{"embeddable":true,"href":"https:\/\/www.cykloklubpodbiel.sk\/index.php?rest_route=\/wp\/v2\/users\/53"}],"replies":[{"embeddable":true,"href":"https:\/\/www.cykloklubpodbiel.sk\/index.php?rest_route=%2Fwp%2Fv2%2Fcomments&post=7750"}],"version-history":[{"count":5,"href":"https:\/\/www.cykloklubpodbiel.sk\/index.php?rest_route=\/wp\/v2\/pages\/7750\/revisions"}],"predecessor-version":[{"id":7795,"href":"https:\/\/www.cykloklubpodbiel.sk\/index.php?rest_route=\/wp\/v2\/pages\/7750\/revisions\/7795"}],"up":[{"embeddable":true,"href":"https:\/\/www.cykloklubpodbiel.sk\/index.php?rest_route=\/wp\/v2\/pages\/5857"}],"wp:attachment":[{"href":"https:\/\/www.cykloklubpodbiel.sk\/index.php?rest_route=%2Fwp%2Fv2%2Fmedia&parent=7750"}],"curies":[{"name":"wp","href":"https:\/\/api.w.org\/{rel}","templated":true}]}}