{"id":666,"date":"2010-05-12T08:59:04","date_gmt":"2010-05-12T07:59:04","guid":{"rendered":"http:\/\/www.cykloklubpodbiel.sk\/?page_id=666"},"modified":"2011-02-04T11:04:06","modified_gmt":"2011-02-04T10:04:06","slug":"brigada-na-cervenej-skale","status":"publish","type":"page","link":"https:\/\/www.cykloklubpodbiel.sk\/?page_id=666","title":{"rendered":"brig\u00e1da na \u010cervenej skale"},"content":{"rendered":"<div class=\"mceTemp\">\n<div class=\"mceTemp\"><span style=\"font-size: x-small;\"> <\/span><\/div>\n<div id=\"attachment_150\" style=\"width: 910px\" class=\"wp-caption aligncenter\"><a href=\"http:\/\/www.cykloklubpodbiel.sk\/wp-content\/uploads\/2010\/05\/pano_cskala.jpg\"><strong><img aria-describedby=\"caption-attachment-150\" loading=\"lazy\" class=\"size-medium wp-image-150\" title=\"Prostredie na vrchole \u010cervenej skaly\" src=\"http:\/\/www.cykloklubpodbiel.sk\/wp-content\/uploads\/2010\/05\/t_pano_cskala.jpg\" alt=\"Prostredie na vrchole \u010cervenej skaly\" width=\"900\" height=\"233\" \/><\/strong><\/a><p id=\"caption-attachment-150\" class=\"wp-caption-text\">Prostredie na vrchole \u010cervenej skaly<\/p><\/div>\n<p style=\"text-align: justify;\"><span style=\"color: #000000;\"><strong>V<\/strong> sobotu <span style=\"color: #ff0000;\"><strong>8.m\u00e1ja 2010<\/strong><\/span> n\u00e1s \u010dakala jedna z prv\u00fdch brig\u00e1d, ktor\u00e9 sme si napl\u00e1novali na tento rok. Bohu\u017eia\u013e po\u010dasie n\u00e1m op\u00e4\u0165 neprialo, cel\u00fd t\u00fd\u017ede\u0148 pr\u0161alo, bolo ve\u013emi mokro a tak sa n\u00e1m nepodarilo dosta\u0165 materi\u00e1l hore na \u010cerven\u00fa skalu. No ani toto sychrav\u00e9 po\u010dasie neodradilo skupinku priaznivcov (bolo n\u00e1s iba sedem), no podarilo sa n\u00e1m vykona\u0165 obrovsk\u00fd kus pr\u00e1ce. V priebehu d\u0148a, ke\u010f ust\u00fapila hmla, pri\u0161lo sa na n\u00e1s pozrie\u0165 aj slnko, ktor\u00e9 n\u00e1s doprev\u00e1dzalo cel\u00e9 dopoludnie.  Ihne\u010f po pr\u00edchode na \u010cerven\u00fa skalu sme si rozdelili pr\u00e1cu. Zdeno aj so svojou p\u00edlou sa pustil do p\u00edlenia ko\u0161at\u00e9ho stromu, ktor\u00fd br\u00e1nil vo v\u00fdh\u013eade na \u0161irok\u00e9 okolie. Tak\u017ee zvuk p\u00edly sa zo skaly \u0161\u00edril cel\u00e9 dopoludnie podbielanskou dolinou. Pe\u0165o p\u00e1lil prebyto\u010dn\u00e9 kon\u00e1re, staral sa o ohe\u0148 a postupne \u010distil cel\u00e9 okolie. Igor s Jozefom sa pustili do sadenia strom\u010dekov. Aj ke\u010f ter\u00e9n bol skalist\u00fd, pr\u00e1ca im i\u0161la od ruky. Du\u0161an mal na starosti zabezpe\u010di\u0165 hlinu, aby sa sadeni\u010dky pekne prijali a zakorenili. Chcem po\u010fakova\u0165 aj miestnemu Urb\u00e1ru, ktor\u00fd n\u00e1m poskytol sadenice smreka a jed\u013ee. \u013dubo \u010distil okolie okolo lavi\u010diek, vystrihoval kr\u00edky a spolu s Du\u0161anom vyhrab\u00e1vali v\u0161etok nepotrebn\u00fd such\u00fd materi\u00e1l. Najmlad\u0161\u00ed \u010dlen D\u00e1vid si medzit\u00fdm stihol postavi\u0165 v ml\u00e1dniku aj bunker. Po pop\u00edlen\u00ed stromu sme sa v\u0161etci pustili do ukladania polienok, ktor\u00e9 bud\u00fa sl\u00fa\u017ei\u0165 v\u0161etk\u00fdm, ktor\u00ed si bud\u00fa chcie\u0165 opiec\u0165 t\u00fa nejak\u00fa dobrotu na \u010cervenej skale. Nakoniec sme sa aj my do\u010dkali a po dobre vykonanej pr\u00e1ci n\u00e1s \u010dakali opekan\u00e9 \u0161peka\u010dky. Nakoniec n\u00e1s pri\u0161li skontrolova\u0165 aj man\u017eelky, ako sa n\u00e1m dar\u00ed a \u010do v\u0161etko sa n\u00e1m podarilo urobi\u0165. Na\u0161\u00edm hlavn\u00fdm cie\u013eom bolo postavi\u0165 pr\u00edstre\u0161ok, ale z d\u00f4vodu nepriazniv\u00e9ho po\u010dasia sme od toho upustili. Ver\u00edme, \u017ee v najbli\u017e\u0161ej dobe, ke\u010f bude such\u0161ie, sa n\u00e1m to podar\u00ed.<\/span><\/p>\n<div id=\"attachment_184\" style=\"width: 236px\" class=\"wp-caption aligncenter\"><a class=\"alignright\" title=\"pod Petrovkou\" href=\"http:\/\/www.cykloklubpodbiel.sk\/wp-content\/gallery\/10\/brigada_cskala\/brigada_cskala.html\" target=\"_blank\"><img aria-describedby=\"caption-attachment-184\" loading=\"lazy\" class=\"size-full wp-image-184 \" style=\"border: 6px solid gray;\" title=\"Pozri fotogal\u00e9riu\" src=\"http:\/\/www.cykloklubpodbiel.sk\/wp-content\/uploads\/2010\/05\/galeria_cskala.jpg\" border=\"6\" alt=\"Pozri fotogal\u00e9riu\" width=\"226\" height=\"150\" \/><\/a><p id=\"caption-attachment-184\" class=\"wp-caption-text\">Pozri fotogal\u00e9riu<\/p><\/div>\n<\/div>\n","protected":false},"excerpt":{"rendered":"<p>V sobotu 8.m\u00e1ja 2010 n\u00e1s \u010dakala jedna z prv\u00fdch brig\u00e1d, ktor\u00e9 sme si napl\u00e1novali na tento rok. Bohu\u017eia\u013e po\u010dasie n\u00e1m op\u00e4\u0165 neprialo, cel\u00fd t\u00fd\u017ede\u0148 pr\u0161alo, bolo ve\u013emi mokro a tak sa n\u00e1m nepodarilo dosta\u0165 materi\u00e1l hore na \u010cerven\u00fa skalu. No ani toto sychrav\u00e9 po\u010dasie neodradilo skupinku priaznivcov (bolo n\u00e1s iba sedem), no podarilo sa n\u00e1m [&hellip;]<\/p>\n","protected":false},"author":1,"featured_media":0,"parent":57,"menu_order":29,"comment_status":"open","ping_status":"closed","template":"onecolumn-page.php","meta":{"advgb_blocks_editor_width":"","advgb_blocks_columns_visual_guide":"","ngg_post_thumbnail":0},"coauthors":[],"author_meta":{"author_link":"https:\/\/www.cykloklubpodbiel.sk\/?author=1","display_name":"\u013dubom\u00edr Franko"},"relative_dates":{"created":"Posted 16 years ago","modified":"Updated 15 years ago"},"absolute_dates":{"created":"Posted on 12. M\u00e1j 2010","modified":"Updated on 4. Febru\u00e1r 2011"},"absolute_dates_time":{"created":"Posted on 12. M\u00e1j 2010 8:59","modified":"Updated on 4. Febru\u00e1r 2011 11:04"},"featured_img_caption":"","featured_img":false,"series_order":"","_links":{"self":[{"href":"https:\/\/www.cykloklubpodbiel.sk\/index.php?rest_route=\/wp\/v2\/pages\/666"}],"collection":[{"href":"https:\/\/www.cykloklubpodbiel.sk\/index.php?rest_route=\/wp\/v2\/pages"}],"about":[{"href":"https:\/\/www.cykloklubpodbiel.sk\/index.php?rest_route=\/wp\/v2\/types\/page"}],"author":[{"embeddable":true,"href":"https:\/\/www.cykloklubpodbiel.sk\/index.php?rest_route=\/wp\/v2\/users\/1"}],"replies":[{"embeddable":true,"href":"https:\/\/www.cykloklubpodbiel.sk\/index.php?rest_route=%2Fwp%2Fv2%2Fcomments&post=666"}],"version-history":[{"count":12,"href":"https:\/\/www.cykloklubpodbiel.sk\/index.php?rest_route=\/wp\/v2\/pages\/666\/revisions"}],"predecessor-version":[{"id":1660,"href":"https:\/\/www.cykloklubpodbiel.sk\/index.php?rest_route=\/wp\/v2\/pages\/666\/revisions\/1660"}],"up":[{"embeddable":true,"href":"https:\/\/www.cykloklubpodbiel.sk\/index.php?rest_route=\/wp\/v2\/pages\/57"}],"wp:attachment":[{"href":"https:\/\/www.cykloklubpodbiel.sk\/index.php?rest_route=%2Fwp%2Fv2%2Fmedia&parent=666"}],"curies":[{"name":"wp","href":"https:\/\/api.w.org\/{rel}","templated":true}]}}

brigáda na Červenej skale

<div class="mceTemp">
<div class="mceTemp"><span style="font-size: x-small;"> </span></div>
<div id="attachment_150" style="width: 910px" class="wp-caption aligncenter"><a href="http://www.cykloklubpodbiel.sk/wp-content/uploads/2010/05/pano_cskala.jpg"><strong><img aria-describedby="caption-attachment-150" loading="lazy" class="size-medium wp-image-150" title="Prostredie na vrchole Červenej skaly" src="http://www.cykloklubpodbiel.sk/wp-content/uploads/2010/05/t_pano_cskala.jpg" alt="Prostredie na vrchole Červenej skaly" width="900" height="233" /></strong></a><p id="caption-attachment-150" class="wp-caption-text">Prostredie na vrchole Červenej skaly</p></div>
<p style="text-align: justify;"><span style="color: #000000;"><strong>V</strong> sobotu <span style="color: #ff0000;"><strong>8.mája 2010</strong></span> nás čakala jedna z prvých brigád, ktoré sme si naplánovali na tento rok. Bohužiaľ počasie nám opäť neprialo, celý týždeň pršalo, bolo veľmi mokro a tak sa nám nepodarilo dostať materiál hore na Červenú skalu. No ani toto sychravé počasie neodradilo skupinku priaznivcov (bolo nás iba sedem), no podarilo sa nám vykonať obrovský kus práce. V priebehu dňa, keď ustúpila hmla, prišlo sa na nás pozrieť aj slnko, ktoré nás doprevádzalo celé dopoludnie.  Ihneď po príchode na Červenú skalu sme si rozdelili prácu. Zdeno aj so svojou pílou sa pustil do pílenia košatého stromu, ktorý bránil vo výhľade na široké okolie. Takže zvuk píly sa zo skaly šíril celé dopoludnie podbielanskou dolinou. Peťo pálil prebytočné konáre, staral sa o oheň a postupne čistil celé okolie. Igor s Jozefom sa pustili do sadenia stromčekov. Aj keď terén bol skalistý, práca im išla od ruky. Dušan mal na starosti zabezpečiť hlinu, aby sa sadeničky pekne prijali a zakorenili. Chcem poďakovať aj miestnemu Urbáru, ktorý nám poskytol sadenice smreka a jedľe. Ľubo čistil okolie okolo lavičiek, vystrihoval kríky a spolu s Dušanom vyhrabávali všetok nepotrebný suchý materiál. Najmladší člen Dávid si medzitým stihol postaviť v mládniku aj bunker. Po popílení stromu sme sa všetci pustili do ukladania polienok, ktoré budú slúžiť všetkým, ktorí si budú chcieť opiecť tú nejakú dobrotu na Červenej skale. Nakoniec sme sa aj my dočkali a po dobre vykonanej práci nás čakali opekané špekačky. Nakoniec nás prišli skontrolovať aj manželky, ako sa nám darí a čo všetko sa nám podarilo urobiť. Naším hlavným cieľom bolo postaviť prístrešok, ale z dôvodu nepriaznivého počasia sme od toho upustili. Veríme, že v najbližšej dobe, keď bude suchšie, sa nám to podarí.</span></p>
<div id="attachment_184" style="width: 236px" class="wp-caption aligncenter"><a class="alignright" title="pod Petrovkou" href="http://www.cykloklubpodbiel.sk/wp-content/gallery/10/brigada_cskala/brigada_cskala.html" target="_blank"><img aria-describedby="caption-attachment-184" loading="lazy" class="size-full wp-image-184 " style="border: 6px solid gray;" title="Pozri fotogalériu" src="http://www.cykloklubpodbiel.sk/wp-content/uploads/2010/05/galeria_cskala.jpg" border="6" alt="Pozri fotogalériu" width="226" height="150" /></a><p id="caption-attachment-184" class="wp-caption-text">Pozri fotogalériu</p></div>
</div>

<p>V sobotu 8.mája 2010 nás čakala jedna z prvých brigád, ktoré sme si naplánovali na tento rok. Bohužiaľ počasie nám opäť neprialo, celý týždeň pršalo, bolo veľmi mokro a tak sa nám nepodarilo dostať materiál hore na Červenú skalu. No ani toto sychravé počasie neodradilo skupinku priaznivcov (bolo nás iba sedem), no podarilo sa nám [&hellip;]</p>

Ľubomír Franko

Posted on 12. Máj 2010

Updated on 4. Február 2011

Posted on 12. Máj 2010 8:59

Updated on 4. Február 2011 11:04
