{"id":5952,"date":"2015-01-31T17:32:59","date_gmt":"2015-01-31T16:32:59","guid":{"rendered":"http:\/\/www.cykloklubpodbiel.sk\/?page_id=5952"},"modified":"2015-01-31T19:14:27","modified_gmt":"2015-01-31T18:14:27","slug":"4-rocnik-klinanskym-chotarom","status":"publish","type":"page","link":"https:\/\/www.cykloklubpodbiel.sk\/?page_id=5952","title":{"rendered":"4.ro\u010dn\u00edk Kli\u0148ansk\u00fdm chot\u00e1rom"},"content":{"rendered":"<div id=\"attachment_151\" style=\"width: 570px\" class=\"wp-caption aligncenter\"><a href=\"http:\/\/www.cykloklubpodbiel.sk\/wp-content\/uploads\/2015\/01\/panoklin.jpg\"><img aria-describedby=\"caption-attachment-151\" loading=\"lazy\" class=\"size-medium wp-image-151\" title=\"Klikni pre zv\u00e4\u010d\u0161enie\" src=\"http:\/\/www.cykloklubpodbiel.sk\/wp-content\/uploads\/2015\/01\/t_panoklin.jpg\" alt=\"Klin\" width=\"560\" height=\"151\" \/><\/a><p id=\"caption-attachment-151\" class=\"wp-caption-text\">Panor\u00e1ma na obec Klin pri st\u00fapan\u00ed na sochu Krista<\/p><\/div>\n<p><strong>V<\/strong>\u00a0sobotu\u00a0<span style=\"color: #ff0000;\"><strong>31. janu\u00e1ra 2015\u00a0<\/strong><\/span>sme po\u00a0prv\u00fd kr\u00e1t absolvovali\u00a0<strong>prechod Kli\u0148ansk\u00fdm chot\u00e1rom<\/strong>. Aj ke\u010f takmer v\u0161etci abslolvovali tra\u0165 na be\u017ek\u00e1ch, my sme sa\u00a0vybrali pe\u0161i. Po v\u00fddatnom no\u010dnom sne\u017een\u00ed to bolo trochu \u0165a\u017e\u0161ie, ale o to kraj\u0161ie.<br \/>\n<a href=\"http:\/\/www.cykloklubpodbiel.sk\/wp-content\/uploads\/2015\/01\/klin_logo.jpg\"><img loading=\"lazy\" class=\"size-medium wp-image-107 alignleft\" title=\"Klikni pre zv\u00e4\u010d\u0161enie\" src=\"http:\/\/www.cykloklubpodbiel.sk\/wp-content\/uploads\/2015\/01\/t_klin_logo.png\" alt=\"Lokca\" width=\"107\" height=\"107\" \/><\/a><br \/>\nKr\u00e1snou zasne\u017eenou zimnou pr\u00edrodou sme putovali takmer 11 km. Prv\u00fa zast\u00e1vku sme mali pri soche Krista, kde sme sa ob\u010derstvili \u010dajom. Tu sa stretali pe\u0161ia a be\u017ek\u00e1rska trasa. \u010ealej sme pokra\u010dovali popri be\u017ek\u00e1rskej trati po hrebeni, chv\u00ed\u013eu l\u00fakami, chv\u00ed\u013eu lesom, a\u017e sme sa dostali na najvy\u0161\u0161\u00ed bod prechodu Vahanov kr\u00ed\u017e. Tu n\u00e1s organiz\u00e1tori pote\u0161ili dom\u00e1cimi makov\u00fdmi a lekv\u00e1rov\u00fdmi buchtami a tepl\u00fdm \u010dajom. K\u00fdm be\u017ek\u00e1ri pokra\u010dovali \u010falej po hrebeni, my sme sa sto\u010dili po pekne odhrnutej ceste dolinou nasp\u00e4\u0165 do obce Klin, kde n\u00e1s \u010dakal chutn\u00fd gul\u00e1\u0161, varen\u00e9 v\u00ednko, k\u00e1vi\u010dka a pr\u00edjemn\u00e1 obsluha od organiz\u00e1torov, za \u010do sa im chcem po\u010fakova\u0165. Tak\u00fdto zimn\u00fd prechod po prv\u00fd kr\u00e1t absolvovali \u013dubo S. so synom Pa\u0165om a zvl\u00e1dli to brav\u00farne. Op\u00e4\u0165 sme str\u00e1vili \u010fal\u0161iu sobotu v kr\u00e1snej a o\u010daruj\u00facej oravskej pr\u00edrode.<\/p>\n<p style=\"text-align: right;\"><em>Text a foto:<\/em> \u013d.Franko<\/p>\n<p><a href=\"http:\/\/www.sports-tracker.com\/workout\/lubofranko\/54cce21de4b0a5c04251a8f0\"><img loading=\"lazy\" class=\"size-medium wp-image-82 aligncenter\" title=\"Klikni pre zobrazenie mapy a reli\u00e9fu\" src=\"http:\/\/www.cykloklubpodbiel.sk\/wp-content\/uploads\/2015\/01\/klin_relief1.png\" alt=\"Lokca\" width=\"560\" height=\"82\" \/><\/a><\/p>\n<div id=\"attachment_131\" style=\"width: 570px\" class=\"wp-caption aligncenter\"><a href=\"http:\/\/www.cykloklubpodbiel.sk\/wp-content\/uploads\/2015\/01\/panoklin2.jpg\"><img aria-describedby=\"caption-attachment-131\" loading=\"lazy\" class=\"size-medium wp-image-131\" title=\"Klikni pre zv\u00e4\u010d\u0161enie\" src=\"http:\/\/www.cykloklubpodbiel.sk\/wp-content\/uploads\/2015\/01\/t_panoklin2.jpg\" alt=\"Klin\" width=\"560\" height=\"131\" \/><\/a><p id=\"caption-attachment-131\" class=\"wp-caption-text\">Panor\u00e1ma na sochu Krista a okolie od pr\u00edstre\u0161ku<\/p><\/div>\n<div id=\"attachment_118\" style=\"width: 570px\" class=\"wp-caption aligncenter\"><a href=\"http:\/\/www.cykloklubpodbiel.sk\/wp-content\/uploads\/2015\/01\/panoklin1.jpg\"><img aria-describedby=\"caption-attachment-118\" loading=\"lazy\" class=\"size-medium wp-image-118\" title=\"Klikni pre zv\u00e4\u010d\u0161enie\" src=\"http:\/\/www.cykloklubpodbiel.sk\/wp-content\/uploads\/2015\/01\/t_panoklin1.jpg\" alt=\"Klin\" width=\"560\" height=\"118\" \/><\/a><p id=\"caption-attachment-118\" class=\"wp-caption-text\">Panor\u00e1ma na sochu Krista a okolie od pr\u00edstre\u0161ku<\/p><\/div>\n<div id=\"attachment_173\" style=\"width: 270px\" class=\"wp-caption aligncenter\"><a href=\"http:\/\/www.cykloklubpodbiel.sk\/wp-content\/gallery\/15\/klin\/index.html\"><img aria-describedby=\"caption-attachment-173\" loading=\"lazy\" class=\"size-medium wp-image-173\" title=\"Pozri fotogal\u00e9riu\" src=\"http:\/\/www.cykloklubpodbiel.sk\/wp-content\/uploads\/2015\/01\/galeriaklin.jpg\" alt=\"Klin\" width=\"260\" height=\"173\" \/><\/a><p id=\"caption-attachment-173\" class=\"wp-caption-text\">Pozri fotogal\u00e9riu<\/p><\/div>\n","protected":false},"excerpt":{"rendered":"<p>V\u00a0sobotu\u00a031. janu\u00e1ra 2015\u00a0sme po\u00a0prv\u00fd kr\u00e1t absolvovali\u00a0prechod Kli\u0148ansk\u00fdm chot\u00e1rom. Aj ke\u010f takmer v\u0161etci abslolvovali tra\u0165 na be\u017ek\u00e1ch, my sme sa\u00a0vybrali pe\u0161i. Po v\u00fddatnom no\u010dnom sne\u017een\u00ed to bolo trochu \u0165a\u017e\u0161ie, ale o to kraj\u0161ie. Kr\u00e1snou zasne\u017eenou zimnou pr\u00edrodou sme putovali takmer 11 km. Prv\u00fa zast\u00e1vku sme mali pri soche Krista, kde sme sa ob\u010derstvili \u010dajom. Tu sa [&hellip;]<\/p>\n","protected":false},"author":1,"featured_media":0,"parent":5857,"menu_order":46,"comment_status":"open","ping_status":"closed","template":"","meta":{"advgb_blocks_editor_width":"","advgb_blocks_columns_visual_guide":"","ngg_post_thumbnail":0},"coauthors":[],"author_meta":{"author_link":"https:\/\/www.cykloklubpodbiel.sk\/?author=1","display_name":"\u013dubom\u00edr Franko"},"relative_dates":{"created":"Posted 11 years ago","modified":"Updated 11 years ago"},"absolute_dates":{"created":"Posted on 31. Janu\u00e1r 2015","modified":"Updated on 31. Janu\u00e1r 2015"},"absolute_dates_time":{"created":"Posted on 31. Janu\u00e1r 2015 17:32","modified":"Updated on 31. Janu\u00e1r 2015 19:14"},"featured_img_caption":"","featured_img":false,"series_order":"","_links":{"self":[{"href":"https:\/\/www.cykloklubpodbiel.sk\/index.php?rest_route=\/wp\/v2\/pages\/5952"}],"collection":[{"href":"https:\/\/www.cykloklubpodbiel.sk\/index.php?rest_route=\/wp\/v2\/pages"}],"about":[{"href":"https:\/\/www.cykloklubpodbiel.sk\/index.php?rest_route=\/wp\/v2\/types\/page"}],"author":[{"embeddable":true,"href":"https:\/\/www.cykloklubpodbiel.sk\/index.php?rest_route=\/wp\/v2\/users\/1"}],"replies":[{"embeddable":true,"href":"https:\/\/www.cykloklubpodbiel.sk\/index.php?rest_route=%2Fwp%2Fv2%2Fcomments&post=5952"}],"version-history":[{"count":7,"href":"https:\/\/www.cykloklubpodbiel.sk\/index.php?rest_route=\/wp\/v2\/pages\/5952\/revisions"}],"predecessor-version":[{"id":5962,"href":"https:\/\/www.cykloklubpodbiel.sk\/index.php?rest_route=\/wp\/v2\/pages\/5952\/revisions\/5962"}],"up":[{"embeddable":true,"href":"https:\/\/www.cykloklubpodbiel.sk\/index.php?rest_route=\/wp\/v2\/pages\/5857"}],"wp:attachment":[{"href":"https:\/\/www.cykloklubpodbiel.sk\/index.php?rest_route=%2Fwp%2Fv2%2Fmedia&parent=5952"}],"curies":[{"name":"wp","href":"https:\/\/api.w.org\/{rel}","templated":true}]}}