{"id":5734,"date":"2014-08-03T18:25:33","date_gmt":"2014-08-03T17:25:33","guid":{"rendered":"http:\/\/www.cykloklubpodbiel.sk\/?page_id=5734"},"modified":"2014-08-04T18:26:26","modified_gmt":"2014-08-04T17:26:26","slug":"cyklotura-do-malatinej","status":"publish","type":"page","link":"https:\/\/www.cykloklubpodbiel.sk\/?page_id=5734","title":{"rendered":"cyklot\u00fara do Malatinej"},"content":{"rendered":"<div id=\"attachment_105\" style=\"width: 565px\" class=\"wp-caption aligncenter\"><a href=\"http:\/\/www.cykloklubpodbiel.sk\/wp-content\/uploads\/2014\/07\/panomalatina.jpg\"><img aria-describedby=\"caption-attachment-105\" loading=\"lazy\" class=\"size-medium wp-image-105\" title=\"Klikni pre zv\u00e4\u010d\u0161enie\" alt=\"Huty\" src=\"http:\/\/www.cykloklubpodbiel.sk\/wp-content\/uploads\/2014\/07\/t_panomalatina.jpg\" width=\"555\" height=\"105\" \/><\/a><p id=\"caption-attachment-105\" class=\"wp-caption-text\">Panor\u00e1ma na Ve\u013ek\u00fd Cho\u010d a okolie po\u010das st\u00fapania do Malatinej<\/p><\/div>\n<p><strong>V<\/strong>\u00a0nede\u013eu <span style=\"color: #ff0000;\"><strong>13.j\u00fala 2014 <\/strong><\/span>n\u00e1s \u010dakala cyklot\u00fara na Ba\u010dovsk\u00e9 dni do Malatinej. U\u017e r\u00e1no sme za slne\u010dn\u00e9ho po\u010dasia vyrazili smerom na Chlebnice, odkia\u013e n\u00e1s \u010dakalo n\u00e1ro\u010dn\u00e9 st\u00fapanie po\u013enou cesti\u010dkou a\u017e takmer do Malatinej. Ka\u017ed\u00fd dal do tohoto kopca v\u0161etky sily a o chv\u00ed\u013eu bol aj tento &#8220;strm\u00e1k&#8221; pokoren\u00fd. V Malatinej u\u017e boli rozlo\u017een\u00e9 st\u00e1nky, rozvoniavali v\u0161elijak\u00e9 dobroty. Mali sme chu\u0165 na trdeln\u00edk, ale bohu\u017eial ich e\u0161te nestihli upiec\u0165. Ochutnali sme aj \u017ein\u010dicu a lango\u0161e. Pokra\u010dovali sme miernym takmer 6 km klesan\u00edm po super cesti\u010dke a\u017e ku Liptovskej Mare. Prezreli sme si m\u00far a pre\u0161tudovali technick\u00e9 parametre tejto n\u00e1dr\u017ee. V Be\u0161e\u0148ovej n\u00e1s u\u017e \u010dakalo ob\u010derstvenie, tepl\u00e1 polievka a orosen\u00fd n\u00e1poj. Po kr\u00e1tkom oddychu sme smerovali do L\u00fa\u010diek, kde sme nav\u0161t\u00edvili L\u00fa\u010diansky vodop\u00e1d, ktor\u00fd bol ve\u013emi kr\u00e1sny a v\u0161etk\u00fdch n\u00e1s o\u010daril. Nach\u00e1dzaj\u00fa sa tu aj svetozn\u00e1me k\u00fapele. Baz\u00e9ny n\u00e1s ve\u013emi l\u00e1kali, ale sme odolali. Do najbli\u017e\u0161ej dedinky Os\u00e1dka viedla cesta cez kr\u00e1snu pr\u00edrodu. \u010cakalo n\u00e1s tu nieko\u013eko kilometrov\u00e9 st\u00fapanie okolo majest\u00e1tneho Ve\u013ek\u00e9ho Cho\u010da. Z Os\u00e1dky do Pokryva\u010da n\u00e1s prekvapilo \u010fal\u0161ie n\u00e1ro\u010dn\u00e9 st\u00fapanie, ktor\u00e9 v teple dalo tie\u017e dos\u0165 zabra\u0165. Bola to dos\u0165 n\u00e1ro\u010dn\u00e1 trasa, kde sa\u00a0striedali st\u00fapania a klesania. Celkov\u00e1 d\u013a\u017eka bola takmer 90 km, no v\u0161etci to brav\u00farne zvl\u00e1dli a my sme \u0161\u0165astlivo dorazili sp\u00e4\u0165 do Podbiela.<\/p>\n<p style=\"text-align: right;\"><em>Text, foto a video:<\/em> \u013d.Franko<\/p>\n<p><a href=\"http:\/\/www.sports-tracker.com\/#\/workout\/lubofranko\/b7ld1d6n56sbeaen\"><span style=\"color: #0000ff;\"><strong>Mapa a profil prechodu<\/strong><\/span><\/a><\/p>\n<div id=\"attachment_173\" style=\"width: 270px\" class=\"wp-caption aligncenter\"><a href=\"http:\/\/www.cykloklubpodbiel.sk\/wp-content\/gallery\/14\/malatina\/index.html\"><img aria-describedby=\"caption-attachment-173\" loading=\"lazy\" class=\"size-medium wp-image-173\" title=\"Pozri fotogal\u00e9riu\" alt=\"Malatina\" src=\"http:\/\/www.cykloklubpodbiel.sk\/wp-content\/uploads\/2014\/07\/galeriamalatina.jpg\" width=\"260\" height=\"173\" \/><\/a><p id=\"caption-attachment-173\" class=\"wp-caption-text\">Pozri fotogal\u00e9riu<\/p><\/div>\n<div class=\"\"><iframe width=\"500\" height=\"281\" src=\"http:\/\/www.youtube.com\/embed\/df9cdZ7vB40?feature=oembed\" frameborder=\"0\" allowfullscreen><\/iframe><\/div>\n","protected":false},"excerpt":{"rendered":"<p>V\u00a0nede\u013eu 13.j\u00fala 2014 n\u00e1s \u010dakala cyklot\u00fara na Ba\u010dovsk\u00e9 dni do Malatinej. U\u017e r\u00e1no sme za slne\u010dn\u00e9ho po\u010dasia vyrazili smerom na Chlebnice, odkia\u013e n\u00e1s \u010dakalo n\u00e1ro\u010dn\u00e9 st\u00fapanie po\u013enou cesti\u010dkou a\u017e takmer do Malatinej. Ka\u017ed\u00fd dal do tohoto kopca v\u0161etky sily a o chv\u00ed\u013eu bol aj tento &#8220;strm\u00e1k&#8221; pokoren\u00fd. V Malatinej u\u017e boli rozlo\u017een\u00e9 st\u00e1nky, rozvoniavali v\u0161elijak\u00e9 [&hellip;]<\/p>\n","protected":false},"author":1,"featured_media":0,"parent":5280,"menu_order":23,"comment_status":"open","ping_status":"closed","template":"","meta":{"advgb_blocks_editor_width":"","advgb_blocks_columns_visual_guide":"","ngg_post_thumbnail":0},"coauthors":[],"author_meta":{"author_link":"https:\/\/www.cykloklubpodbiel.sk\/?author=1","display_name":"\u013dubom\u00edr Franko"},"relative_dates":{"created":"Posted 12 years ago","modified":"Updated 12 years ago"},"absolute_dates":{"created":"Posted on 3. August 2014","modified":"Updated on 4. August 2014"},"absolute_dates_time":{"created":"Posted on 3. August 2014 18:25","modified":"Updated on 4. August 2014 18:26"},"featured_img_caption":"","featured_img":false,"series_order":"","_links":{"self":[{"href":"https:\/\/www.cykloklubpodbiel.sk\/index.php?rest_route=\/wp\/v2\/pages\/5734"}],"collection":[{"href":"https:\/\/www.cykloklubpodbiel.sk\/index.php?rest_route=\/wp\/v2\/pages"}],"about":[{"href":"https:\/\/www.cykloklubpodbiel.sk\/index.php?rest_route=\/wp\/v2\/types\/page"}],"author":[{"embeddable":true,"href":"https:\/\/www.cykloklubpodbiel.sk\/index.php?rest_route=\/wp\/v2\/users\/1"}],"replies":[{"embeddable":true,"href":"https:\/\/www.cykloklubpodbiel.sk\/index.php?rest_route=%2Fwp%2Fv2%2Fcomments&post=5734"}],"version-history":[{"count":3,"href":"https:\/\/www.cykloklubpodbiel.sk\/index.php?rest_route=\/wp\/v2\/pages\/5734\/revisions"}],"predecessor-version":[{"id":5738,"href":"https:\/\/www.cykloklubpodbiel.sk\/index.php?rest_route=\/wp\/v2\/pages\/5734\/revisions\/5738"}],"up":[{"embeddable":true,"href":"https:\/\/www.cykloklubpodbiel.sk\/index.php?rest_route=\/wp\/v2\/pages\/5280"}],"wp:attachment":[{"href":"https:\/\/www.cykloklubpodbiel.sk\/index.php?rest_route=%2Fwp%2Fv2%2Fmedia&parent=5734"}],"curies":[{"name":"wp","href":"https:\/\/api.w.org\/{rel}","templated":true}]}}