{"id":5399,"date":"2014-01-26T10:01:12","date_gmt":"2014-01-26T09:01:12","guid":{"rendered":"http:\/\/www.cykloklubpodbiel.sk\/?page_id=5399"},"modified":"2014-01-26T17:01:53","modified_gmt":"2014-01-26T16:01:53","slug":"znacenie-prechodu-magurou","status":"publish","type":"page","link":"https:\/\/www.cykloklubpodbiel.sk\/?page_id=5399","title":{"rendered":"zna\u010denie prechodu Magurou"},"content":{"rendered":"<div id=\"attachment_220\" style=\"width: 565px\" class=\"wp-caption aligncenter\"><a href=\"http:\/\/www.cykloklubpodbiel.sk\/wp-content\/uploads\/2014\/01\/panoznaceniemagury.jpg\"><img aria-describedby=\"caption-attachment-220\" loading=\"lazy\" class=\"size-medium wp-image-220\" title=\"Panor\u00e1ma na \u00fa\u010dastn\u00edkov zna\u010denia na Petrovke pri pr\u00edstre\u0161ku\" alt=\"Magura\" src=\"http:\/\/www.cykloklubpodbiel.sk\/wp-content\/uploads\/2014\/01\/t_panoznaceniemagury.jpg\" width=\"555\" height=\"220\" \/><\/a><p id=\"caption-attachment-220\" class=\"wp-caption-text\">Panor\u00e1ma na \u00fa\u010dastn\u00edkov zna\u010denia na Petrovke pri pr\u00edstre\u0161ku<\/p><\/div>\n<p><strong>V<\/strong>\u00a0sobotu <span style=\"color: #ff0000;\"><strong>25.janu\u00e1ra 2014 <\/strong><\/span>zorganizoval predseda Kult\u00farno \u0161portovej komisie \u013dubo F. brig\u00e1du na nast\u00e1vaj\u00faci 28. ro\u010dn\u00edk prechodu Magurou. Zraz sa uskuto\u010dnil pri dome Pa\u013eka K. a odtia\u013e sme sa autami odviezli a\u017e k pr\u00edstre\u0161ku na Petrovke. Du\u0161ko F. skontroloval, \u010di z jesene ostala sekera na p\u00f4vodnom mieste a po zauj\u00edmavom Vilovom n\u00e1pade pribi\u0165 be\u017eku na strom, sme sa rozdelili do dvoch skup\u00edn. Prv\u00e1 skupina tvoren\u00e1 \u013dubom, Vilom, Du\u0161anom, J\u00e1nom, Petrom a Milo\u0161om smerovala na hrebe\u0148 Magury na \u0160ubovku. Prv\u00e1 \u010das\u0165 trasy bola pekne vy\u010disten\u00e1, ale pod \u0160ubovkou trasu kri\u017eovalo cez 10 popadan\u00fdch stromov. Mr\u00e1z (okolo -16\u00b0C) sa n\u00e1m zar\u00edval pod palce, ale my sme pokra\u010dovali a\u017e Pod Pr\u00edpor, odkia\u013e sme zi\u0161li z hrebe\u0148a Magury. Smerom na \u010eet\u013eanku boli miesta, kde sme museli vyzna\u010di\u0165 obch\u00e1dzky okolo popadan\u00fdch stromov. Druh\u00e1 skupina pozost\u00e1vaj\u00faca zo sk\u00fasen\u00e9ho po\u013eovn\u00edka Pavla \u0160, \u013dubom\u00edry, Adama, Pavla K., Jozefa I. a Pavla T. pokra\u010dovala od Petrovky do sedla pod Lu\u010divn\u00fdm a\u017e k \u010cervenej skale. Pri prepi\u013eovan\u00ed a odprat\u00e1van\u00ed napadan\u00fdch stromov a hal\u00faz z chodn\u00edka sme sa pri pr\u00e1ci v\u0161etci dobre zapotili. Od ve\u013ekej zimy a severn\u00e9ho vetra mi dokonca tak premrzli ruky, \u017ee mi dos\u0165 dlho trvalo, k\u00fdm som dokon\u010dila zna\u010denie trasy stu\u017ekami. Po vykonan\u00ed pr\u00e1ce, Dodko a Pa\u013eko pri starej po\u013eovn\u00edckej chate pripravili pre ostatn\u00fdch vatru a opiekli sme si slaninu a klob\u00e1su. Pri \u010dakan\u00ed na druh\u00fa skupinu dobre padlo i hriato. Unaven\u00ed a vy\u0161t\u00edpan\u00ed s pr\u00edjemn\u00fdm pocitom z dobre vykonanej brig\u00e1dy, sme sa v\u0161etci \u0161\u0165astne odviezli domov.<\/p>\n<p><em> \/Text: \u013d.Kudzbelov\u00e1, \u013d.Franko, foto: \u013d.Franko\/<\/em><\/p>\n<div id=\"attachment_328\" style=\"width: 565px\" class=\"wp-caption aligncenter\"><a href=\"http:\/\/www.cykloklubpodbiel.sk\/wp-content\/uploads\/2014\/01\/znaceniemagurou.kmz\"><img aria-describedby=\"caption-attachment-328\" loading=\"lazy\" class=\"size-medium wp-image-328\" title=\"Klikni na zobrazenie v GOOGLE MAP\" src=\"http:\/\/www.cykloklubpodbiel.sk\/wp-content\/uploads\/2014\/01\/mapa_znaceniemagurou.jpg\" alt=\"Magura\" width=\"555\" height=\"328\" \/><\/a><p id=\"caption-attachment-328\" class=\"wp-caption-text\">Mapa prechodu<\/p><\/div>\n<div id=\"attachment_125\" style=\"width: 565px\" class=\"wp-caption aligncenter\"><a href=\"http:\/\/www.cykloklubpodbiel.sk\/wp-content\/uploads\/2014\/01\/relief_znaceniemagurou.jpg\"><img aria-describedby=\"caption-attachment-125\" loading=\"lazy\" class=\"size-medium wp-image-125\" title=\"Klikni pre zv\u00e4\u010d\u0161enie\" src=\"http:\/\/www.cykloklubpodbiel.sk\/wp-content\/uploads\/2014\/01\/t_relief_znaceniemagurou.jpg\" alt=\"Sedliacka Dubov\u00e1\" width=\"555\" height=\"125\" \/><\/a><p id=\"caption-attachment-125\" class=\"wp-caption-text\">Reli\u00e9f prechodu<\/p><\/div>\n<div id=\"attachment_173\" style=\"width: 270px\" class=\"wp-caption aligncenter\"><a href=\"http:\/\/www.cykloklubpodbiel.sk\/wp-content\/gallery\/14\/znaceniemagurou\/index.html\"><img aria-describedby=\"caption-attachment-173\" loading=\"lazy\" class=\"size-medium wp-image-173\" title=\"Pozri fotogal\u00e9riu\" alt=\"Kriv\u00e1\" src=\"http:\/\/www.cykloklubpodbiel.sk\/wp-content\/uploads\/2014\/01\/galeriaznaceniemagura.jpg\" width=\"260\" height=\"173\" \/><\/a><p id=\"caption-attachment-173\" class=\"wp-caption-text\">Pozri fotogal\u00e9riu<\/p><\/div>\n","protected":false},"excerpt":{"rendered":"<p>V\u00a0sobotu 25.janu\u00e1ra 2014 zorganizoval predseda Kult\u00farno \u0161portovej komisie \u013dubo F. brig\u00e1du na nast\u00e1vaj\u00faci 28. ro\u010dn\u00edk prechodu Magurou. Zraz sa uskuto\u010dnil pri dome Pa\u013eka K. a odtia\u013e sme sa autami odviezli a\u017e k pr\u00edstre\u0161ku na Petrovke. Du\u0161ko F. skontroloval, \u010di z jesene ostala sekera na p\u00f4vodnom mieste a po zauj\u00edmavom Vilovom n\u00e1pade pribi\u0165 be\u017eku na strom, [&hellip;]<\/p>\n","protected":false},"author":1,"featured_media":0,"parent":5280,"menu_order":46,"comment_status":"open","ping_status":"closed","template":"","meta":{"advgb_blocks_editor_width":"","advgb_blocks_columns_visual_guide":"","ngg_post_thumbnail":0},"coauthors":[],"author_meta":{"author_link":"https:\/\/www.cykloklubpodbiel.sk\/?author=1","display_name":"\u013dubom\u00edr Franko"},"relative_dates":{"created":"Posted 12 years ago","modified":"Updated 12 years ago"},"absolute_dates":{"created":"Posted on 26. Janu\u00e1r 2014","modified":"Updated on 26. Janu\u00e1r 2014"},"absolute_dates_time":{"created":"Posted on 26. Janu\u00e1r 2014 10:01","modified":"Updated on 26. Janu\u00e1r 2014 17:01"},"featured_img_caption":"","featured_img":false,"series_order":"","_links":{"self":[{"href":"https:\/\/www.cykloklubpodbiel.sk\/index.php?rest_route=\/wp\/v2\/pages\/5399"}],"collection":[{"href":"https:\/\/www.cykloklubpodbiel.sk\/index.php?rest_route=\/wp\/v2\/pages"}],"about":[{"href":"https:\/\/www.cykloklubpodbiel.sk\/index.php?rest_route=\/wp\/v2\/types\/page"}],"author":[{"embeddable":true,"href":"https:\/\/www.cykloklubpodbiel.sk\/index.php?rest_route=\/wp\/v2\/users\/1"}],"replies":[{"embeddable":true,"href":"https:\/\/www.cykloklubpodbiel.sk\/index.php?rest_route=%2Fwp%2Fv2%2Fcomments&post=5399"}],"version-history":[{"count":6,"href":"https:\/\/www.cykloklubpodbiel.sk\/index.php?rest_route=\/wp\/v2\/pages\/5399\/revisions"}],"predecessor-version":[{"id":5410,"href":"https:\/\/www.cykloklubpodbiel.sk\/index.php?rest_route=\/wp\/v2\/pages\/5399\/revisions\/5410"}],"up":[{"embeddable":true,"href":"https:\/\/www.cykloklubpodbiel.sk\/index.php?rest_route=\/wp\/v2\/pages\/5280"}],"wp:attachment":[{"href":"https:\/\/www.cykloklubpodbiel.sk\/index.php?rest_route=%2Fwp%2Fv2%2Fmedia&parent=5399"}],"curies":[{"name":"wp","href":"https:\/\/api.w.org\/{rel}","templated":true}]}}