{"id":4293,"date":"2013-01-16T15:32:40","date_gmt":"2013-01-16T14:32:40","guid":{"rendered":"http:\/\/www.cykloklubpodbiel.sk\/?page_id=4293"},"modified":"2013-01-27T19:31:31","modified_gmt":"2013-01-27T18:31:31","slug":"36-rocnik-strieborna-podkova","status":"publish","type":"page","link":"https:\/\/www.cykloklubpodbiel.sk\/?page_id=4293","title":{"rendered":"36.ro\u010dn\u00edk Strieborn\u00e1 Podkova"},"content":{"rendered":"<div id=\"attachment_169\" style=\"width: 565px\" class=\"wp-caption aligncenter\"><a href=\"http:\/\/www.cykloklubpodbiel.sk\/wp-content\/uploads\/2013\/01\/panopodkova3.jpg\"><img aria-describedby=\"caption-attachment-169\" loading=\"lazy\" class=\"size-medium wp-image-169\" title=\"Kr\u00e1sna zasne\u017een\u00e1 scen\u00e9ria po\u010das st\u00fapania na najvy\u0161\u0161\u00ed bod dne\u0161n\u00e9ho prechodu Kopec (1251 m.n.m.)\" src=\"http:\/\/www.cykloklubpodbiel.sk\/wp-content\/uploads\/2013\/01\/t_panopodkova3.png\" alt=\"Strieborn\u00e1 podkova\" width=\"555\" height=\"169\" \/><\/a><p id=\"caption-attachment-169\" class=\"wp-caption-text\">Kr\u00e1sna zasne\u017een\u00e1 scen\u00e9ria po\u010das st\u00fapania na najvy\u0161\u0161\u00ed bod dne\u0161n\u00e9ho prechodu Kopec (1251 m.n.m.)<\/p><\/div>\n<p><span style=\"color: #000000;\"><strong><\/strong><span style=\"color: #ff0000;\"><span style=\"color: #000000;\"><strong><\/strong><strong>Aj<\/strong> tento rok sme sa v sobotu <strong><span style=\"color: #ff0000;\">12.janu\u00e1ra 2013<\/span><\/strong> vybrali na jeden z najstar\u0161\u00edch zimn\u00fdch turistick\u00fdch prechodov na Orave, na <strong>36. ro\u010dn\u00edk STRIEBORNEJ PODKOVA<\/strong> v Krivej. Cez t\u00fd\u017ede\u0148 napadlo cez 20 cm snehu, tak\u017ee sme sa te\u0161ili na kr\u00e1sny prechod. U\u017e zr\u00e1na bolo okolo -7 stup\u0148ov a slnko sa predieralo pomedzi mraky. Na tento prechod u\u017e tradi\u010dne chod\u00ed aj ve\u013ea turistov z na\u0161ej obce. Po pr\u00edchode na turistick\u00fd prechod v Krivej n\u00e1s v dedine v\u00edtala hudba z obecn\u00e9ho rozhlasu, ktor\u00e1 dola\u010fovala turistick\u00fa atmosf\u00e9ru. Po zaregistrovan\u00ed sme sa ako v\u017edy rozdelili &#8211; be\u017ek\u00e1ri sa vybrali na vy\u0161e 18 km trasu a pe\u0161\u00ed turisti na 7 km trasu ku H\u00e1jovni. Ka\u017ed\u00e1 skupina vyrazila s odhodlan\u00edm prejs\u0165 svoje trasy, ale hlavne zhodi\u0165 aj zop\u00e1r prebyto\u010dn\u00fdch k\u00edl, nazbieran\u00fdch po\u010das Viano\u010dn\u00fdch sviatkov. \u0164a\u017e\u0161iu trasu mali be\u017ek\u00e1ri, ktor\u00ed museli zvl\u00e1dnu\u0165 prev\u00fd\u0161enie prvej polovice trasy z 545 m.n.m. na 1251 m.n.m.\u00a0 Hne\u010f v \u00favode n\u00e1s \u010dakalo st\u00fapanie cez les\u00edk, potom sme pokra\u010dovali l\u00fakami a\u017e na Polianky, kde sme sa zastavili na kr\u00e1tke, ale potrebn\u00e9 ob\u010derstvenie.<br \/>\n<\/span><\/span><\/span><\/p>\n<div id=\"attachment_173\" style=\"width: 270px\" class=\"wp-caption alignleft\"><a href=\"http:\/\/www.cykloklubpodbiel.sk\/wp-content\/uploads\/2013\/01\/striebornapodkova1.jpg\"><img aria-describedby=\"caption-attachment-173\" loading=\"lazy\" class=\"size-medium wp-image-173\" title=\"\u00dasmev n\u00e1m po\u010das dne\u0161n\u00e9ho prechodu nech\u00fdbal\" src=\"http:\/\/www.cykloklubpodbiel.sk\/wp-content\/uploads\/2013\/01\/t_striebornapodkova1.jpg\" alt=\"Strieborn\u00e1 Podkova\" width=\"260\" height=\"173\" \/><\/a><p id=\"caption-attachment-173\" class=\"wp-caption-text\">\u00dasmev n\u00e1m po\u010das dne\u0161n\u00e9ho prechodu nech\u00fdbal<\/p><\/div>\n<p><span style=\"color: #000000;\"><span style=\"color: #ff0000;\"><span style=\"color: #000000;\">\u00a0Po trati sa postupne tvorili dlh\u00e9 &#8220;hady&#8221; ly\u017eiarov, ktor\u00ed pokryli l\u00faky nad Krivou. Slnko pokrylo kopce aj doliny a n\u00e1m sa naskytol kr\u00e1sny poh\u013ead na zasne\u017een\u00fa oravsk\u00fa krajinu. Pokra\u010dovali sme kr\u00e1tkym oddychov\u00fdm zjazdom v hlbokom snehu, ktor\u00fd n\u00e1s pr\u00edjemne pribrzdil a nedovolil n\u00e1m nabra\u0165 v\u00e4\u010d\u0161iu r\u00fdchlos\u0165. No op\u00e4\u0165 sa ter\u00e9n zdvihol a my sme pokra\u010dovali st\u00fapan\u00edm a\u017e na Bane (943 m.n.m.). Po\u010das trasy sme mali pekn\u00fd v\u00fdh\u013ead na Javorov\u00fd vrch, Ostra\u017eicu, obec Ni\u017en\u00e1 a obec Oravsk\u00fd Biely Potok. Na vrchole sme sa op\u00e4\u0165 ob\u010derstvili a vyrazili sme smerom na najvy\u0161\u0161\u00ed bod dne\u0161n\u00e9ho prechodu na Kopec (1251 m.n.m.). Tu n\u00e1s \u010dakalo prudk\u00e9 st\u00fapanie, kde sme dali zabra\u0165 nielen p\u013e\u00facam, ale aj ruk\u00e1m, ke\u010f sme sa o palice opierali \u010doraz v\u00e4\u010d\u0161ou v\u00e1hou. <\/span><\/span><\/span><\/p>\n<div id=\"attachment_90\" style=\"width: 100px\" class=\"wp-caption alignright\"><a href=\"http:\/\/www.cykloklubpodbiel.sk\/wp-content\/uploads\/2013\/01\/logoprechodu.png\"><img aria-describedby=\"caption-attachment-90\" loading=\"lazy\" class=\"size-medium wp-image-90\" title=\"Logo prechodu\" src=\"http:\/\/www.cykloklubpodbiel.sk\/wp-content\/uploads\/2013\/01\/t_logoprechodu.png\" alt=\"Strieborn\u00e1 Podkova\" width=\"90\" height=\"90\" \/><\/a><p id=\"caption-attachment-90\" class=\"wp-caption-text\">Logo prechodu<\/p><\/div>\n<p><span style=\"color: #000000;\"><span style=\"color: #ff0000;\"><span style=\"color: #000000;\">V polovici st\u00fapania na vrchol Kopec n\u00e1\u0161ho \u010dlena Doda I. zradilo ly\u017eiarske n\u00e1radie, ke\u010f sa mu ako naschv\u00e1l vytrhli obidve ly\u017eiarske viazania. Nasledoval takzvan\u00fd servis na kolene, kedy sme ako tak stabilizovali funkciu viazania. Preto chcem po\u010fakova\u0165 Vilovi K. a \u010fal\u0161\u00edm \u00fa\u010dastn\u00edkom prechodu, ktor\u00ed poskytli potrebn\u00e9 n\u00e1radie na opravu a tak dopomohli Dodovi d\u00f4js\u0165 a\u017e do cie\u013ea. Po\u010das tejto technickej prest\u00e1vky sa n\u00e1\u0161 t\u00fdm roztiahol na v\u00e4\u010d\u0161iu d\u013a\u017eku po trase. V\u010faka tejto nedobrovo\u013enej prest\u00e1vke n\u00e1s dobehli na\u0161i dvaja me\u0161kaj\u00faci \u010dlenovia Edo K. a Pe\u0165o \u017d., ktor\u00ed sa vybrali na trasu o trochu nesk\u00f4r. Po dosiahnut\u00ed najvy\u0161\u0161ieho bodu prechodu n\u00e1s \u010dakal pomerne kr\u00e1tky, ale za to dos\u0165 strm\u00fd \u00fasek, ktor\u00fd preveril ka\u017ed\u00e9ho ly\u017eiara. Niektor\u00ed zvolili jednoduch\u0161iu cestu, vyzuli sa z be\u017eiek a kr\u00e1\u010dali pe\u0161o, in\u00ed to riskli, no pri brzden\u00ed zlomili jednu, alebo obidve palice, ktor\u00e9 nevydr\u017eali n\u00e1por pri brzden\u00ed. No u\u017e sme vedeli, \u017ee sme bl\u00edzko vatry, lebo z lesa sa oz\u00fdval takmer zborov\u00fd spev. Pri vatre n\u00e1m organiz\u00e1tori tento rok pripravili klob\u00e1sku, ktor\u00fa sme si v\u00e4\u010d\u0161inou ugrilovali nad oh\u0148om. E\u0161te sme sa ohriali, nezabudli sme ani na pitn\u00fd re\u017eim a relax. <\/span><\/span><\/span><\/p>\n<div id=\"attachment_154\" style=\"width: 565px\" class=\"wp-caption aligncenter\"><a href=\"http:\/\/www.cykloklubpodbiel.sk\/wp-content\/uploads\/2013\/01\/panopodkova4.jpg\"><img aria-describedby=\"caption-attachment-154\" loading=\"lazy\" class=\"size-medium wp-image-154\" title=\"Po\u010das prechodu sa n\u00e1m naskytol tak\u00fdto n\u00e1dhern\u00fd poh\u013ead\" src=\"http:\/\/www.cykloklubpodbiel.sk\/wp-content\/uploads\/2013\/01\/t_panopodkova4.png\" alt=\"Strieborn\u00e1 podkova\" width=\"555\" height=\"154\" \/><\/a><p id=\"caption-attachment-154\" class=\"wp-caption-text\">Po\u010das prechodu sa n\u00e1m naskytol tak\u00fdto n\u00e1dhern\u00fd poh\u013ead<\/p><\/div>\n<p><span style=\"color: #000000;\"><span style=\"color: #ff0000;\"><span style=\"color: #000000;\">Slnko sa za\u010dalo postupne str\u00e1ca\u0165 za \u0165a\u017ek\u00fdmi snehov\u00fdmi mrakmi, za\u010dalo sa ochladzova\u0165, \u010do bol sign\u00e1l na vyrazenie na posledn\u00fd \u00fasek dne\u0161n\u00e9ho prechodu. V tomto \u00faseku sme pokra\u010dovali horizontom miernym klesan\u00edm, kde je u\u017e viac zjazdov. V\u00fdh\u013eadu na obidve strany n\u00e1m br\u00e1nil hust\u00fd les. Pri odbo\u010dke na Mal\u00e9 Borov\u00e9 u\u017e mr\u00e1z zach\u00e1dzal aj pomedzi prsty. Najviac ho poci\u0165ovala Lujza K., ktorej palce odmietali poslu\u0161nos\u0165, boleli a preto sme museli s Radom K. zah\u00e1ji\u0165 zohrievac\u00ed man\u00e9ver, ktor\u00fd bol \u00faspe\u0161n\u00fd a tak sme mohli pokra\u010dova\u0165 \u010falej. <\/span><\/span><\/span><\/p>\n<div id=\"attachment_124\" style=\"width: 565px\" class=\"wp-caption aligncenter\"><a href=\"http:\/\/www.cykloklubpodbiel.sk\/wp-content\/uploads\/2013\/01\/panopodkova2.jpg\"><img aria-describedby=\"caption-attachment-124\" loading=\"lazy\" class=\"size-medium wp-image-124\" title=\"Prv\u00e9 st\u00fapania z Krivej sme mali za sebou\" src=\"http:\/\/www.cykloklubpodbiel.sk\/wp-content\/uploads\/2013\/01\/t_panopodkova2.png\" alt=\"Strieborn\u00e1 podkova\" width=\"555\" height=\"124\" \/><\/a><p id=\"caption-attachment-124\" class=\"wp-caption-text\">Prv\u00e9 st\u00fapania z Krivej sme mali za sebou<\/p><\/div>\n<p><span style=\"color: #000000;\"><span style=\"color: #ff0000;\"><span style=\"color: #000000;\">Po dlh\u0161om, ale miernom zjazde, ktor\u00fd patril medzi najkraj\u0161ie \u00faseky dne\u0161n\u00e9ho prechodu, sme sa dostali a\u017e nad z\u00e1vere\u010dn\u00fa l\u00faku, ktorou sme sa pustili a\u017e do cie\u013ea. Pri zjazdoch sa u\u017e tradi\u010dne podarili niektor\u00fdm be\u017ek\u00e1rom aj nedobrovo\u013en\u00e9 akrobatick\u00e9 prvky. Samozrejme nech\u00fdbali ani p\u00e1dy, ktor\u00e9 patria k prechodu, ale ke\u010f\u017ee bol \u010derstvo napadan\u00fd sneh, padalo sa ve\u013emi pr\u00edjemne. Nakoniec sme sa v\u0161etci stretli v cieli, kde n\u00e1m nov\u00fd organiza\u010dn\u00fd t\u00fdm pri ro\u013en\u00edckom dru\u017estve pod stanmi pripravil tepl\u00fd \u010daj a zab\u00edja\u010dkov\u00fa kapustnicu, ktor\u00e1 n\u00e1s vzpru\u017eila a vr\u00e1tila n\u00e1m straten\u00e9 sily. Tu sme e\u0161te zastihli na\u0161ich \u010dlenov klubu, ktor\u00ed sa u\u017e tie\u017e vr\u00e1tili z pe\u0161ej trasy. Po zjeden\u00ed kapustnice sa niektor\u00ed na\u0161i \u010dlenovia pobrali domov, ale niektor\u00ed si e\u0161te za\u0161li do &#8220;kultur\u00e1ku&#8221; na z\u00e1bavu a varen\u00e9 v\u00edno. <\/span><\/span><\/span><\/p>\n<div id=\"attachment_76\" style=\"width: 565px\" class=\"wp-caption aligncenter\"><a href=\"http:\/\/www.cykloklubpodbiel.sk\/wp-content\/uploads\/2013\/01\/panopodkova1.jpg\"><img aria-describedby=\"caption-attachment-76\" loading=\"lazy\" class=\"size-medium wp-image-76\" title=\"Chv\u00ed\u013ea oddychu, zamyslenia a ob\u010derstvenia po\u010das prechodu\" src=\"http:\/\/www.cykloklubpodbiel.sk\/wp-content\/uploads\/2013\/01\/t_panopodkova1.png\" alt=\"Strieborn\u00e1 podkova\" width=\"555\" height=\"76\" \/><\/a><p id=\"caption-attachment-76\" class=\"wp-caption-text\">Chv\u00ed\u013ea oddychu, zamyslenia a ob\u010derstvenia po\u010das prechodu<\/p><\/div>\n<p>Turistick\u00fd prechod sa organiz\u00e1torom vydaril, mali aj dostatok snehu pre be\u017ek\u00e1rov a bola aj ve\u013ek\u00e1 \u00fa\u010das\u0165 turistov, ktor\u00fdch bolo viac ako 700. D\u00fafame, \u017ee aj o rok budeme odch\u00e1dza\u0165 z turistick\u00e9ho prechodu spokojn\u00ed. <em>\/Viliam Kudzbel, \u013dubom\u00edr Franko\/<\/em><\/p>\n<p><a title=\"Nastavenie zobrazenia Google Earth\" href=\"http:\/\/www.cykloklubpodbiel.sk\/wp-content\/uploads\/2013\/01\/nastavenie_google_earth.jpg\" target=\"_blank\"><span style=\"color: #ff0000;\">Nastav parametre pre zobrazenie v Google Earth. \u00a0 <em>Google Earth\/Nastroje\/Mo\u017enosti&#8230;<\/em> \u00a0 <strong>Klikni tu&#8230;<\/strong> <\/span><\/a><\/p>\n<div id=\"attachment_353\" style=\"width: 565px\" class=\"wp-caption aligncenter\"><a href=\"http:\/\/www.cykloklubpodbiel.sk\/wp-content\/uploads\/2013\/01\/striebornapodkova.kmz\"><img aria-describedby=\"caption-attachment-353\" loading=\"lazy\" class=\"size-medium wp-image-353\" title=\"Klikni na zobrazenie v Google Earth\" src=\"http:\/\/www.cykloklubpodbiel.sk\/wp-content\/uploads\/2013\/01\/striebornapodkova_mapa.jpg\" alt=\"Strieborn\u00e1 podkova\" width=\"555\" height=\"353\" \/><\/a><p id=\"caption-attachment-353\" class=\"wp-caption-text\">Mapa prechodu<\/p><\/div>\n<div id=\"attachment_193\" style=\"width: 565px\" class=\"wp-caption aligncenter\"><a href=\"http:\/\/www.cykloklubpodbiel.sk\/wp-content\/uploads\/2013\/01\/striebornapodkova_relief.jpg\"><img aria-describedby=\"caption-attachment-193\" loading=\"lazy\" class=\"size-medium wp-image-193\" title=\"Reli\u00e9f prechodu\" src=\"http:\/\/www.cykloklubpodbiel.sk\/wp-content\/uploads\/2013\/01\/t_striebornapodkova_relief.jpg\" alt=\"Strieborn\u00e1 podkova\" width=\"555\" height=\"193\" \/><\/a><p id=\"caption-attachment-193\" class=\"wp-caption-text\">Reli\u00e9f prechodu<\/p><\/div>\n<div id=\"attachment_1173\" style=\"width: 270px\" class=\"wp-caption aligncenter\"><a href=\"http:\/\/www.cykloklubpodbiel.sk\/wp-content\/gallery\/13\/striebornapodkova\/index.html\"><img aria-describedby=\"caption-attachment-1173\" loading=\"lazy\" class=\"size-medium wp-image-173\" title=\"Pozri fotogal\u00e9riu\" src=\"http:\/\/www.cykloklubpodbiel.sk\/wp-content\/uploads\/2013\/01\/t_galeriapodkova.png\" alt=\"Strieborn\u00e1 podkova\" width=\"260\" height=\"173\" \/><\/a><p id=\"caption-attachment-1173\" class=\"wp-caption-text\">Pozri fotogal\u00e9riu<\/p><\/div>\n","protected":false},"excerpt":{"rendered":"<p>Aj tento rok sme sa v sobotu 12.janu\u00e1ra 2013 vybrali na jeden z najstar\u0161\u00edch zimn\u00fdch turistick\u00fdch prechodov na Orave, na 36. ro\u010dn\u00edk STRIEBORNEJ PODKOVA v Krivej. Cez t\u00fd\u017ede\u0148 napadlo cez 20 cm snehu, tak\u017ee sme sa te\u0161ili na kr\u00e1sny prechod. U\u017e zr\u00e1na bolo okolo -7 stup\u0148ov a slnko sa predieralo pomedzi mraky. Na tento prechod [&hellip;]<\/p>\n","protected":false},"author":1,"featured_media":0,"parent":4377,"menu_order":50,"comment_status":"open","ping_status":"closed","template":"","meta":{"advgb_blocks_editor_width":"","advgb_blocks_columns_visual_guide":"","ngg_post_thumbnail":0},"coauthors":[],"author_meta":{"author_link":"https:\/\/www.cykloklubpodbiel.sk\/?author=1","display_name":"\u013dubom\u00edr Franko"},"relative_dates":{"created":"Posted 13 years ago","modified":"Updated 13 years ago"},"absolute_dates":{"created":"Posted on 16. Janu\u00e1r 2013","modified":"Updated on 27. Janu\u00e1r 2013"},"absolute_dates_time":{"created":"Posted on 16. Janu\u00e1r 2013 15:32","modified":"Updated on 27. Janu\u00e1r 2013 19:31"},"featured_img_caption":"","featured_img":false,"series_order":"","_links":{"self":[{"href":"https:\/\/www.cykloklubpodbiel.sk\/index.php?rest_route=\/wp\/v2\/pages\/4293"}],"collection":[{"href":"https:\/\/www.cykloklubpodbiel.sk\/index.php?rest_route=\/wp\/v2\/pages"}],"about":[{"href":"https:\/\/www.cykloklubpodbiel.sk\/index.php?rest_route=\/wp\/v2\/types\/page"}],"author":[{"embeddable":true,"href":"https:\/\/www.cykloklubpodbiel.sk\/index.php?rest_route=\/wp\/v2\/users\/1"}],"replies":[{"embeddable":true,"href":"https:\/\/www.cykloklubpodbiel.sk\/index.php?rest_route=%2Fwp%2Fv2%2Fcomments&post=4293"}],"version-history":[{"count":62,"href":"https:\/\/www.cykloklubpodbiel.sk\/index.php?rest_route=\/wp\/v2\/pages\/4293\/revisions"}],"predecessor-version":[{"id":4383,"href":"https:\/\/www.cykloklubpodbiel.sk\/index.php?rest_route=\/wp\/v2\/pages\/4293\/revisions\/4383"}],"up":[{"embeddable":true,"href":"https:\/\/www.cykloklubpodbiel.sk\/index.php?rest_route=\/wp\/v2\/pages\/4377"}],"wp:attachment":[{"href":"https:\/\/www.cykloklubpodbiel.sk\/index.php?rest_route=%2Fwp%2Fv2%2Fmedia&parent=4293"}],"curies":[{"name":"wp","href":"https:\/\/api.w.org\/{rel}","templated":true}]}}