{"id":19605,"date":"2025-08-24T10:40:38","date_gmt":"2025-08-24T09:40:38","guid":{"rendered":"http:\/\/www.cykloklubpodbiel.sk\/?page_id=19605"},"modified":"2025-08-24T10:50:54","modified_gmt":"2025-08-24T09:50:54","slug":"2023-2","status":"publish","type":"page","link":"https:\/\/www.cykloklubpodbiel.sk\/?page_id=19605","title":{"rendered":"2023"},"content":{"rendered":"<p><span style=\"color: #0000ff;\"><strong><span style=\"font-size: medium;\">\u010clenovia CYKLOTURISTICK\u00c9HO KLUBU PODBIEL (2023)<\/span><\/strong><\/span><\/p>\n<p>Meno a Priezvisko<\/p>\n<ol>\n<li>Lacko J\u00e1n<\/li>\n<li>Lackov\u00e1 Maja<\/li>\n<li>Kudzbelov\u00e1 \u013dubom\u00edra<\/li>\n<li>Luk\u00e1\u010dek Jozef<\/li>\n<li>Kudzbel Pavol<\/li>\n<li>Luk\u00e1\u010dekov\u00e1 Daniela<\/li>\n<li>Ma\u0165a\u0165ov\u00e1 Erika<\/li>\n<li>Kanderka Jozef<\/li>\n<li>Kanderkov\u00e1 Iveta<\/li>\n<li>Kanderkov\u00e1 Ter\u00e9zia<\/li>\n<li>Bulla Miroslav<\/li>\n<li>Bullov\u00e1 Mirka<\/li>\n<li>Bulla Barbora<\/li>\n<li>Kudzbel Vilo<\/li>\n<li>Ihring Jozef<\/li>\n<li>Ihringov\u00e1 Monika<\/li>\n<li>Garaj Ivan<\/li>\n<li>Garajov\u00e1 Marta<\/li>\n<li>Vrl\u00e1k Ladislav<\/li>\n<li>Vrl\u00e1kov\u00e1 Jarmila<\/li>\n<li>Be\u0148u\u0161\u00edk Igor<\/li>\n<\/ol>\n","protected":false},"excerpt":{"rendered":"<p>\u010clenovia CYKLOTURISTICK\u00c9HO KLUBU PODBIEL (2023) Meno a Priezvisko Lacko J\u00e1n Lackov\u00e1 Maja Kudzbelov\u00e1 \u013dubom\u00edra Luk\u00e1\u010dek Jozef Kudzbel Pavol Luk\u00e1\u010dekov\u00e1 Daniela Ma\u0165a\u0165ov\u00e1 Erika Kanderka Jozef Kanderkov\u00e1 Iveta Kanderkov\u00e1 Ter\u00e9zia Bulla Miroslav Bullov\u00e1 Mirka Bulla Barbora Kudzbel Vilo Ihring Jozef Ihringov\u00e1 Monika Garaj Ivan Garajov\u00e1 Marta Vrl\u00e1k Ladislav Vrl\u00e1kov\u00e1 Jarmila Be\u0148u\u0161\u00edk Igor<\/p>\n","protected":false},"author":53,"featured_media":0,"parent":438,"menu_order":17,"comment_status":"closed","ping_status":"closed","template":"","meta":{"advgb_blocks_editor_width":"","advgb_blocks_columns_visual_guide":"","ngg_post_thumbnail":0},"coauthors":[],"author_meta":{"author_link":"https:\/\/www.cykloklubpodbiel.sk\/?author=53","display_name":"Lubka"},"relative_dates":{"created":"Posted 8 months ago","modified":"Updated 8 months ago"},"absolute_dates":{"created":"Posted on 24. August 2025","modified":"Updated on 24. August 2025"},"absolute_dates_time":{"created":"Posted on 24. August 2025 10:40","modified":"Updated on 24. August 2025 10:50"},"featured_img_caption":"","featured_img":false,"series_order":"","_links":{"self":[{"href":"https:\/\/www.cykloklubpodbiel.sk\/index.php?rest_route=\/wp\/v2\/pages\/19605"}],"collection":[{"href":"https:\/\/www.cykloklubpodbiel.sk\/index.php?rest_route=\/wp\/v2\/pages"}],"about":[{"href":"https:\/\/www.cykloklubpodbiel.sk\/index.php?rest_route=\/wp\/v2\/types\/page"}],"author":[{"embeddable":true,"href":"https:\/\/www.cykloklubpodbiel.sk\/index.php?rest_route=\/wp\/v2\/users\/53"}],"replies":[{"embeddable":true,"href":"https:\/\/www.cykloklubpodbiel.sk\/index.php?rest_route=%2Fwp%2Fv2%2Fcomments&post=19605"}],"version-history":[{"count":3,"href":"https:\/\/www.cykloklubpodbiel.sk\/index.php?rest_route=\/wp\/v2\/pages\/19605\/revisions"}],"predecessor-version":[{"id":19610,"href":"https:\/\/www.cykloklubpodbiel.sk\/index.php?rest_route=\/wp\/v2\/pages\/19605\/revisions\/19610"}],"up":[{"embeddable":true,"href":"https:\/\/www.cykloklubpodbiel.sk\/index.php?rest_route=\/wp\/v2\/pages\/438"}],"wp:attachment":[{"href":"https:\/\/www.cykloklubpodbiel.sk\/index.php?rest_route=%2Fwp%2Fv2%2Fmedia&parent=19605"}],"curies":[{"name":"wp","href":"https:\/\/api.w.org\/{rel}","templated":true}]}}