{"id":15886,"date":"2020-07-11T14:57:26","date_gmt":"2020-07-11T13:57:26","guid":{"rendered":"http:\/\/www.cykloklubpodbiel.sk\/?page_id=15886"},"modified":"2020-07-11T15:25:40","modified_gmt":"2020-07-11T14:25:40","slug":"o-nasich-aktivitach-v-rtvs","status":"publish","type":"page","link":"https:\/\/www.cykloklubpodbiel.sk\/?page_id=15886","title":{"rendered":"O na\u0161ich aktivit\u00e1ch v RTVS"},"content":{"rendered":"\n<figure class=\"wp-block-image size-large\"><img loading=\"lazy\" width=\"1024\" height=\"550\" src=\"https:\/\/www.cykloklubpodbiel.sk\/wp-content\/uploads\/2020\/07\/danka-2-1-1024x550.png\" alt=\"\" class=\"wp-image-15889\" srcset=\"https:\/\/www.cykloklubpodbiel.sk\/wp-content\/uploads\/2020\/07\/danka-2-1-1024x550.png 1024w, https:\/\/www.cykloklubpodbiel.sk\/wp-content\/uploads\/2020\/07\/danka-2-1-300x161.png 300w, https:\/\/www.cykloklubpodbiel.sk\/wp-content\/uploads\/2020\/07\/danka-2-1-768x413.png 768w, https:\/\/www.cykloklubpodbiel.sk\/wp-content\/uploads\/2020\/07\/danka-2-1.png 1282w\" sizes=\"(max-width: 1024px) 100vw, 1024px\" \/><\/figure>\n\n\n\n<p>Rel\u00e1cia Telev\u00edkend v piatok <span class=\"has-inline-color has-vivid-red-color\">10. j\u00fala 2020<\/span> pribl\u00ed\u017eila slovensk\u00fdm div\u00e1kom mo\u017enos\u0165 turistiky v na\u0161ej obci, konkr\u00e9tne v lokalite \u010cerven\u00e1 skala. V rel\u00e1cii vyst\u00fapila aj na\u0161a \u010dlenka Danka Luk\u00e1\u010dekov\u00e1, ktor\u00e1 informovala o na\u0161ich aktivit\u00e1ch. Cel\u00fa report\u00e1\u017e si m\u00f4\u017eete pozrie\u0165 v arch\u00edve v prilo\u017eenom linku.<\/p>\n\n\n\n<p><a href=\"https:\/\/www.rtvs.sk\/televizia\/archiv\/14048\/233826\">https:\/\/www.rtvs.sk\/televizia\/archiv\/14048\/233826<\/a><\/p>\n","protected":false},"excerpt":{"rendered":"<p>Rel\u00e1cia Telev\u00edkend v piatok 10. j\u00fala 2020 pribl\u00ed\u017eila slovensk\u00fdm div\u00e1kom mo\u017enos\u0165 turistiky v na\u0161ej obci, konkr\u00e9tne v lokalite \u010cerven\u00e1 skala. V rel\u00e1cii vyst\u00fapila aj na\u0161a \u010dlenka Danka Luk\u00e1\u010dekov\u00e1, ktor\u00e1 informovala o na\u0161ich aktivit\u00e1ch. Cel\u00fa report\u00e1\u017e si m\u00f4\u017eete pozrie\u0165 v arch\u00edve v prilo\u017eenom linku. https:\/\/www.rtvs.sk\/televizia\/archiv\/14048\/233826<\/p>\n","protected":false},"author":53,"featured_media":0,"parent":15575,"menu_order":0,"comment_status":"closed","ping_status":"closed","template":"","meta":{"advgb_blocks_editor_width":"","advgb_blocks_columns_visual_guide":"","ngg_post_thumbnail":0},"coauthors":[],"author_meta":{"author_link":"https:\/\/www.cykloklubpodbiel.sk\/?author=53","display_name":"Lubka"},"relative_dates":{"created":"Posted 6 years ago","modified":"Updated 6 years ago"},"absolute_dates":{"created":"Posted on 11. J\u00fal 2020","modified":"Updated on 11. J\u00fal 2020"},"absolute_dates_time":{"created":"Posted on 11. J\u00fal 2020 14:57","modified":"Updated on 11. J\u00fal 2020 15:25"},"featured_img_caption":"","featured_img":false,"series_order":"","_links":{"self":[{"href":"https:\/\/www.cykloklubpodbiel.sk\/index.php?rest_route=\/wp\/v2\/pages\/15886"}],"collection":[{"href":"https:\/\/www.cykloklubpodbiel.sk\/index.php?rest_route=\/wp\/v2\/pages"}],"about":[{"href":"https:\/\/www.cykloklubpodbiel.sk\/index.php?rest_route=\/wp\/v2\/types\/page"}],"author":[{"embeddable":true,"href":"https:\/\/www.cykloklubpodbiel.sk\/index.php?rest_route=\/wp\/v2\/users\/53"}],"replies":[{"embeddable":true,"href":"https:\/\/www.cykloklubpodbiel.sk\/index.php?rest_route=%2Fwp%2Fv2%2Fcomments&post=15886"}],"version-history":[{"count":7,"href":"https:\/\/www.cykloklubpodbiel.sk\/index.php?rest_route=\/wp\/v2\/pages\/15886\/revisions"}],"predecessor-version":[{"id":15901,"href":"https:\/\/www.cykloklubpodbiel.sk\/index.php?rest_route=\/wp\/v2\/pages\/15886\/revisions\/15901"}],"up":[{"embeddable":true,"href":"https:\/\/www.cykloklubpodbiel.sk\/index.php?rest_route=\/wp\/v2\/pages\/15575"}],"wp:attachment":[{"href":"https:\/\/www.cykloklubpodbiel.sk\/index.php?rest_route=%2Fwp%2Fv2%2Fmedia&parent=15886"}],"curies":[{"name":"wp","href":"https:\/\/api.w.org\/{rel}","templated":true}]}}